{"id":1196,"date":"2019-12-02T17:11:07","date_gmt":"2019-12-02T17:11:07","guid":{"rendered":"http:\/\/vedettseg.hu\/wordpress\/?page_id=1196"},"modified":"2019-12-02T17:11:07","modified_gmt":"2019-12-02T17:11:07","slug":"p110","status":"publish","type":"page","link":"http:\/\/vedettseg.hu\/wordpress\/p110\/","title":{"rendered":"P110: k\u00f6z\u00f6s gy\u00f3gym\u00f3d neurodegenerat\u00edv betegs\u00e9gek ellen?"},"content":{"rendered":"<p><strong>Amerikai kutat\u00f3k olyan k\u00e9sz\u00edtm\u00e9nyt \u00e1ll\u00edtottak el\u0151, amely k\u00f6z\u00f6s gy\u00f3gym\u00f3dk\u00e9nt szolg\u00e1lhatnak t\u00f6bb neurodegenerat\u00edv betegs\u00e9ggel szemben.<\/strong><\/p>\n<p>A Stanford University kutat\u00f3csoportja a Nature Neuroscience foly\u00f3iratban publik\u00e1lt cikk\u00e9ben sz\u00e1molt be felfedez\u00e9s\u00e9r\u0151l, miszerint olyan k\u00f6z\u00f6s faktorra bukkantak, mely sz\u00e1mos neurodegenerat\u00edv betegs\u00e9g kialakul\u00e1s\u00e1ban k\u00f6z\u00f6s pont, s\u0151t, el\u0151 is \u00e1ll\u00edtott\u00e1k a kezel\u00e9sre alkalmas P110 nev\u0171 k\u00e9sz\u00edtm\u00e9nyt.<\/p>\n<p>A neurodegenerat\u00edv betegs\u00e9gek terjed\u00e9s\u00e9nek, s\u00falyosbod\u00e1s\u00e1nak Achilles-sark\u00e1t tal\u00e1lta meg az az amerikai kutat\u00f3csoport, mely arra j\u00f6tt r\u00e1, hogy t\u00f6bb kognit\u00edv funkci\u00f3roml\u00e1ssal j\u00e1r\u00f3 betegs\u00e9g, p\u00e9ld\u00e1ul az Alzheimer, a Huntington, az amiotr\u00f3fi\u00e1s later\u00e1lszkler\u00f3zis (ALS vagy Lou-Gehrig betegs\u00e9g) progresszi\u00f3ja ugyan\u00fagy, de legal\u00e1bbis nagyon hasonl\u00f3 m\u00f3don, a gliasejtek s\u00e9r\u00fclt mitokondriumainak kil\u00f6k\u00e9s\u00e9vel t\u00f6rt\u00e9nik. Id\u0151nk\u00e9nt a norm\u00e1l sejtek is bocs\u00e1tanak ki magukb\u00f3l mitokondriumokat, ami a k\u00f6rnyez\u0151 sejtek sz\u00e1m\u00e1ra el\u0151ny\u00f6s lehet, de a s\u00e9r\u00fclt sejtr\u00e9szecsk\u00e9k toxikusak, \u00f6rd\u00f6gi k\u00f6rt ind\u00edtanak be a k\u00f6rnyez\u0151 sejtekben. A mitokondriumok a sejtek tubul\u00e1ris fel\u00e9p\u00edt\u00e9s\u0171 \u201eer\u0151m\u0171vei\u201d, egy tipikus idegsejtben t\u00f6bb ezer tal\u00e1lhat\u00f3 bel\u0151l\u00fck. Gyakran v\u00e1ltoztatj\u00e1k alakjukat \u00e9s sejten bel\u00fcli poz\u00edci\u00f3jukat is. A neurotoxikus hat\u00e1s\u00fa feh\u00e9rjeaggreg\u00e1tumok, mint p\u00e9ld\u00e1ul az Alzheimer-k\u00f3rra jellemz\u0151 b\u00e9ta-amiloid plakkok azonban k\u00e9pesek hiperakt\u00edvv\u00e1 tenni a Drp1 nev\u0171 enzimet, ami a mitokondriumok funkci\u00f3it ir\u00e1ny\u00edtja, ezzel elszabad\u00edtva az \u00f6rd\u00f6gi k\u00f6rt. Az amerikai kutat\u00f3csoport \u00e9vekkel kor\u00e1bban m\u00e1r l\u00e9trehozott egy olyan peptidet, amely k\u00e9pes le\u00e1ll\u00edtani a Drp1 enzim okozta mitokondri\u00e1lis lebont\u00f3 folyamatot. A kutat\u00f3k \u00e1llati modellszervezetekben \u00e9s mikroglia sz\u00f6vetkult\u00far\u00e1ban egyar\u00e1nt vizsg\u00e1lt\u00e1k a k\u00e9sz\u00edtm\u00e9ny hat\u00e1soss\u00e1g\u00e1t. Amikor a mikroglia sz\u00f6vetkult\u00far\u00e1hoz olyan toxikus hat\u00e1s\u00fa feh\u00e9rj\u00e9ket \u00f6nt\u00f6ttek, amelyek k\u00fcl\u00f6nb\u00f6z\u0151 neurodegenerat\u00edv megbeteged\u00e9sek kiv\u00e1lt\u00e1s\u00e1\u00e9rt felel\u0151sek, a mikroglia sejtek azonnal gyullad\u00e1sos \u00e1llapotba ker\u00fcltek, \u00e9s kibocs\u00e1tottak valamit a t\u00e1pkult\u00far\u00e1ba, ami azonnal gyullad\u00e1sos \u00e1llapotba hozta az asztrocit\u00e1kat is. \u00c1m amikor a kutat\u00f3k P110-et adagoltak a kult\u00far\u00e1hoz, a gyullad\u00e1sos folyamat terjed\u00e9se sz\u00e1mottev\u0151 m\u00e9rt\u00e9kben cs\u00f6kkenni kezdett. Tov\u00e1bbi vizsg\u00e1latok sor\u00e1n a kutat\u00f3k \u00e9szrevett\u00e9k, hogy a gliasejtek s\u00e9r\u00fclt mitokondriumokat bocs\u00e1tottak ki magukb\u00f3l. A P110 k\u00e9sz\u00edtm\u00e9nyt m\u00e1r szabadalmaztatta a Stanford, \u00e9s a kutat\u00f3csoport jelenleg azon dolgozik, hogy le\u00edrja azt a folyamatot, ahogy a kil\u00f6k\u00f6tt, s\u00e9r\u00fclt mitokondriumok a neuronok gyullad\u00e1s\u00e1t \u00e9s pusztul\u00e1s\u00e1t okozz\u00e1k.<\/p>\n<p>&nbsp;<\/p>\n<p>C\u00edm: P110: k\u00f6z\u00f6s gy\u00f3gym\u00f3d neurodegenerat\u00edv betegs\u00e9gek ellen?<\/p>\n<p>Szerz\u0151: K. M.<\/p>\n<p>Weboldal: Pharma Online<\/p>\n<p>Felt\u00f6lt\u00e9s id\u0151pontja: 2019. okt\u00f3ber 01. 05:32<\/p>\n<p>Let\u00f6lt\u00e9s ideje: 2019. okt\u00f3ber 24. 10:34<\/p>\n<p>Link: <a href=\"http:\/\/pharmaonline.hu\/kutatas\/cikk\/p110__kozos_gyogymod_neurodegenerativ_betegsegek_ellen\">http:\/\/pharmaonline.hu\/kutatas\/cikk\/p110__kozos_gyogymod_neurodegenerativ_betegsegek_ellen<\/a><\/p>\n","protected":false},"excerpt":{"rendered":"<p>Amerikai kutat\u00f3k olyan k\u00e9sz\u00edtm\u00e9nyt \u00e1ll\u00edtottak el\u0151, amely k\u00f6z\u00f6s gy\u00f3gym\u00f3dk\u00e9nt szolg\u00e1lhatnak t\u00f6bb neurodegenerat\u00edv betegs\u00e9ggel szemben. A Stanford University kutat\u00f3csoportja a Nature Neuroscience foly\u00f3iratban publik\u00e1lt cikk\u00e9ben sz\u00e1molt be felfedez\u00e9s\u00e9r\u0151l, miszerint olyan k\u00f6z\u00f6s faktorra bukkantak, mely sz\u00e1mos neurodegenerat\u00edv betegs\u00e9g kialakul\u00e1s\u00e1ban k\u00f6z\u00f6s pont, s\u0151t, el\u0151 is \u00e1ll\u00edtott\u00e1k a kezel\u00e9sre alkalmas P110 nev\u0171 k\u00e9sz\u00edtm\u00e9nyt. A neurodegenerat\u00edv betegs\u00e9gek terjed\u00e9s\u00e9nek, s\u00falyosbod\u00e1s\u00e1nak Achilles-sark\u00e1t tal\u00e1lta meg az az amerikai kutat\u00f3csoport, mely arra j\u00f6tt r\u00e1, hogy t\u00f6bb kognit\u00edv funkci\u00f3roml\u00e1ssal j\u00e1r\u00f3 betegs\u00e9g, p\u00e9ld\u00e1ul az Alzheimer, a Huntington, az amiotr\u00f3fi\u00e1s later\u00e1lszkler\u00f3zis (ALS vagy Lou-Gehrig betegs\u00e9g) progresszi\u00f3ja ugyan\u00fagy, de legal\u00e1bbis nagyon hasonl\u00f3 m\u00f3don, a gliasejtek s\u00e9r\u00fclt mitokondriumainak kil\u00f6k\u00e9s\u00e9vel t\u00f6rt\u00e9nik. Id\u0151nk\u00e9nt a norm\u00e1l sejtek is bocs\u00e1tanak ki magukb\u00f3l mitokondriumokat, ami a k\u00f6rnyez\u0151 sejtek sz\u00e1m\u00e1ra el\u0151ny\u00f6s lehet, de a s\u00e9r\u00fclt sejtr\u00e9szecsk\u00e9k toxikusak, \u00f6rd\u00f6gi k\u00f6rt ind\u00edtanak be a k\u00f6rnyez\u0151 sejtekben. A mitokondriumok a sejtek tubul\u00e1ris fel\u00e9p\u00edt\u00e9s\u0171 \u201eer\u0151m\u0171vei\u201d, egy tipikus idegsejtben t\u00f6bb ezer tal\u00e1lhat\u00f3 bel\u0151l\u00fck. Gyakran v\u00e1ltoztatj\u00e1k alakjukat \u00e9s sejten bel\u00fcli poz\u00edci\u00f3jukat is. A neurotoxikus hat\u00e1s\u00fa feh\u00e9rjeaggreg\u00e1tumok, mint p\u00e9ld\u00e1ul az Alzheimer-k\u00f3rra jellemz\u0151 b\u00e9ta-amiloid plakkok azonban k\u00e9pesek hiperakt\u00edvv\u00e1 tenni a Drp1 nev\u0171 enzimet, ami a mitokondriumok funkci\u00f3it ir\u00e1ny\u00edtja, ezzel elszabad\u00edtva az \u00f6rd\u00f6gi k\u00f6rt. Az amerikai kutat\u00f3csoport \u00e9vekkel kor\u00e1bban m\u00e1r l\u00e9trehozott egy olyan peptidet, amely k\u00e9pes le\u00e1ll\u00edtani a Drp1 enzim okozta mitokondri\u00e1lis lebont\u00f3 folyamatot. A kutat\u00f3k \u00e1llati modellszervezetekben \u00e9s mikroglia sz\u00f6vetkult\u00far\u00e1ban egyar\u00e1nt vizsg\u00e1lt\u00e1k a k\u00e9sz\u00edtm\u00e9ny hat\u00e1soss\u00e1g\u00e1t. Amikor a mikroglia sz\u00f6vetkult\u00far\u00e1hoz olyan toxikus hat\u00e1s\u00fa feh\u00e9rj\u00e9ket \u00f6nt\u00f6ttek, amelyek k\u00fcl\u00f6nb\u00f6z\u0151 neurodegenerat\u00edv megbeteged\u00e9sek kiv\u00e1lt\u00e1s\u00e1\u00e9rt felel\u0151sek, a mikroglia sejtek azonnal gyullad\u00e1sos \u00e1llapotba ker\u00fcltek, \u00e9s kibocs\u00e1tottak valamit a t\u00e1pkult\u00far\u00e1ba, ami azonnal gyullad\u00e1sos \u00e1llapotba hozta az asztrocit\u00e1kat is. \u00c1m amikor a kutat\u00f3k P110-et adagoltak a kult\u00far\u00e1hoz, a gyullad\u00e1sos folyamat terjed\u00e9se sz\u00e1mottev\u0151 m\u00e9rt\u00e9kben cs\u00f6kkenni kezdett. Tov\u00e1bbi vizsg\u00e1latok sor\u00e1n a kutat\u00f3k \u00e9szrevett\u00e9k, hogy a gliasejtek s\u00e9r\u00fclt mitokondriumokat bocs\u00e1tottak ki magukb\u00f3l. A P110 k\u00e9sz\u00edtm\u00e9nyt m\u00e1r szabadalmaztatta a Stanford, \u00e9s a kutat\u00f3csoport jelenleg azon dolgozik, hogy le\u00edrja azt a folyamatot, ahogy a kil\u00f6k\u00f6tt, s\u00e9r\u00fclt mitokondriumok a neuronok gyullad\u00e1s\u00e1t \u00e9s pusztul\u00e1s\u00e1t okozz\u00e1k. &nbsp; C\u00edm: P110: k\u00f6z\u00f6s gy\u00f3gym\u00f3d neurodegenerat\u00edv betegs\u00e9gek ellen? Szerz\u0151: K. M. Weboldal: Pharma Online Felt\u00f6lt\u00e9s id\u0151pontja: 2019. okt\u00f3ber 01. 05:32 Let\u00f6lt\u00e9s ideje: 2019. okt\u00f3ber 24. 10:34 Link: http:\/\/pharmaonline.hu\/kutatas\/cikk\/p110__kozos_gyogymod_neurodegenerativ_betegsegek_ellen<\/p>\n","protected":false},"author":1,"featured_media":0,"parent":0,"menu_order":0,"comment_status":"closed","ping_status":"closed","template":"","meta":{"_monsterinsights_skip_tracking":false,"_monsterinsights_sitenote_active":false,"_monsterinsights_sitenote_note":"","_monsterinsights_sitenote_category":0,"footnotes":""},"class_list":["post-1196","page","type-page","status-publish","hentry"],"_links":{"self":[{"href":"http:\/\/vedettseg.hu\/wordpress\/wp-json\/wp\/v2\/pages\/1196","targetHints":{"allow":["GET"]}}],"collection":[{"href":"http:\/\/vedettseg.hu\/wordpress\/wp-json\/wp\/v2\/pages"}],"about":[{"href":"http:\/\/vedettseg.hu\/wordpress\/wp-json\/wp\/v2\/types\/page"}],"author":[{"embeddable":true,"href":"http:\/\/vedettseg.hu\/wordpress\/wp-json\/wp\/v2\/users\/1"}],"replies":[{"embeddable":true,"href":"http:\/\/vedettseg.hu\/wordpress\/wp-json\/wp\/v2\/comments?post=1196"}],"version-history":[{"count":1,"href":"http:\/\/vedettseg.hu\/wordpress\/wp-json\/wp\/v2\/pages\/1196\/revisions"}],"predecessor-version":[{"id":1197,"href":"http:\/\/vedettseg.hu\/wordpress\/wp-json\/wp\/v2\/pages\/1196\/revisions\/1197"}],"wp:attachment":[{"href":"http:\/\/vedettseg.hu\/wordpress\/wp-json\/wp\/v2\/media?parent=1196"}],"curies":[{"name":"wp","href":"https:\/\/api.w.org\/{rel}","templated":true}]}}