{"id":1277,"date":"2020-07-23T12:36:52","date_gmt":"2020-07-23T12:36:52","guid":{"rendered":"http:\/\/vedettseg.hu\/wordpress\/?page_id=1277"},"modified":"2020-07-23T12:36:52","modified_gmt":"2020-07-23T12:36:52","slug":"a-fallot-tetralogia","status":"publish","type":"page","link":"http:\/\/vedettseg.hu\/wordpress\/a-fallot-tetralogia\/","title":{"rendered":"A Fallot-tetral\u00f3gia"},"content":{"rendered":"<p>A Fallot-tetral\u00f3gia egy \u00f6sszetett, velesz\u00fcletett, t\u00f6bbnyire cian\u00f3zissal (azaz elk\u00e9k\u00fcl\u0151 ajkakkal, illetve k\u00f6rm\u00f6kkel) j\u00e1r\u00f3 sz\u00edvbetegs\u00e9g. Ritk\u00e1n fordul el\u0151, a sz\u00edvfejl\u0151d\u00e9si rendelleness\u00e9gek kevesebb mint 10 sz\u00e1zal\u00e9ka.<br \/>\nA m\u00e9hen bel\u00fcl, a sz\u00edv kialakul\u00e1sa sor\u00e1n nem megfelel\u0151en fejl\u0151dnek ki az \u00fcregek \u00e9s az erek, ennek k\u00f6vetkezt\u00e9ben a v\u00e9r \u00e1raml\u00e1s\u00e1nak sebess\u00e9ge \u00e9s ir\u00e1nya sem megfelel\u0151. \u00c1ltal\u00e1nos esetben a kamr\u00e1k k\u00f6z\u00f6tti s\u00f6v\u00e9nyhi\u00e1ny, lovagl\u00f3 aorta (az aorta helyzete \u00e9s m\u00e9rete is elt\u00e9r\u0151), a t\u00fcd\u0151ver\u0151\u00e9r sz\u0171k\u00fclete \u00e9s a jobb kamra fal\u00e1nak megvastagod\u00e1sa jellemzi. A betegs\u00e9g v\u00e9letlenszer\u0171en jelenik meg, nem k\u00f6thet\u0151 egy konkr\u00e9t g\u00e9nhib\u00e1hoz, ez\u00e9rt genetikai sz\u0171r\u00e9sre sincs lehet\u0151s\u00e9g.<br \/>\nMikor jelentkeznek a t\u00fcnetek?<br \/>\nS\u00falyosabb esetben m\u00e1r kis csecsem\u0151korban l\u00e1that\u00f3 a cian\u00f3zis, enyh\u00e9bb esetben azonban k\u00e9s\u0151bb, terhel\u00e9sre, j\u00e1t\u00e9k k\u00f6zben, melegben alakul ki oxig\u00e9nhi\u00e1ny, amely miatt l\u00e9gszomjat \u00e9rez a kis beteg, elk\u00e9k\u00fcl a sz\u00e1ja, k\u00f6rme, szapor\u00e1bban l\u00e9legzik a gyermek, \u00e9s gyakran le is guggol. Ha ilyen oxig\u00e9nhi\u00e1nyos rosszull\u00e9t alakul ki a szem\u00fcnk l\u00e1tt\u00e1ra, akkor seg\u00edthet\u00fcnk a kicsinek ebbe a guggol\u00f3 poz\u00edci\u00f3ba ker\u00fclni, mert \u00edgy gyorsabban old\u00f3dik a roham.<br \/>\nHogyan diagnosztiz\u00e1lhat\u00f3 a betegs\u00e9g?<br \/>\nA gyermek vizsg\u00e1latakor jellegzetes sz\u00edvz\u00f6rej hallhat\u00f3, az EKG-n \u00e9s gyakran a mellkas-r\u00f6ntgenfelv\u00e9telen is l\u00e1that\u00f3 elt\u00e9r\u00e9s. Sz\u00edv-ultrahangvizsg\u00e1lat igazolhatja a diagn\u00f3zist. Ez a cikk is \u00e9rdekelheti \u00d6nt! Velesz\u00fcletett sz\u00edvhib\u00e1k<br \/>\nMi okozza?<br \/>\nAz oxig\u00e9nhi\u00e1ny k\u00f6vetkezt\u00e9ben \u00e9l\u00e9nkebb v\u00e9rk\u00e9pz\u00e9s j\u00f6het l\u00e9tre, emiatt megn\u0151het a kering\u0151 v\u00f6r\u00f6sv\u00e9rsejt sz\u00e1m (hasonl\u00f3an a magas hegyekben lak\u00f3khoz), de a s\u0171r\u0171bben foly\u00f3 v\u00e9r miatt az erek k\u00f6nnyebben eldugulhatnak. Bizonyos esetekben v\u00e9rr\u00f6gk\u00e9pz\u0151d\u00e9st g\u00e1tl\u00f3 gy\u00f3gyszer szed\u00e9se is sz\u00fcks\u00e9gess\u00e9 v\u00e1lhat. Sz\u00edvbelh\u00e1rtya gyullad\u00e1s kialakul\u00e1s\u00e1nak kock\u00e1zata is magasabb, l\u00e1zas \u00e1llapot eset\u00e9n minden esetben orvoshoz kell fordulni. A pontos anat\u00f3miai viszonyok \u00e9s a t\u00fcd\u0151 \u00e9rh\u00e1l\u00f3zat\u00e1nak \u00e1llapota szabja meg a tov\u00e1bbi ter\u00e1pi\u00e1s lehet\u0151s\u00e9geket.<br \/>\nHogyan kezelhet\u0151?<br \/>\nT\u00f6bbf\u00e9le elj\u00e1r\u00e1s l\u00e9tezik a fejl\u0151d\u00e9si rendelleness\u00e9g ell\u00e1t\u00e1s\u00e1ra:<br \/>\nRekonstrukci\u00f3s m\u0171t\u00e9t: A rekonstrukci\u00f3s m\u0171t\u00e9ttel igyekeznek helyre\u00e1ll\u00edtani a term\u00e9szet okozta hib\u00e1kat, a m\u0171t\u00e9t c\u00e9lja, hogy az anat\u00f3miai viszonyokat lehet\u0151s\u00e9g szerint rendezz\u00e9k. Csecsem\u0151, vagy kisgyermekkorban javasolt a korrekci\u00f3s m\u0171t\u00e9t elv\u00e9gz\u00e9se, mert \u00edgy a tov\u00e1bbi szervk\u00e1rosod\u00e1s elker\u00fclhet\u0151.<br \/>\nPalliat\u00edv m\u0171t\u00e9t: Amennyiben oxig\u00e9nhi\u00e1nyos \u00e1llapottal j\u00e1r\u00f3 roham alakul ki, ez felh\u00edvja a figyelmet arra, hogy beavatkoz\u00e1sra van sz\u00fcks\u00e9g. A palliat\u00edv m\u0171t\u00e9ttel a szervezet sz\u00e1m\u00e1ra elfogadhat\u00f3 kering\u00e9si \u00e1llapot hozhat\u00f3 l\u00e9tre (ilyenkor gyakran m\u0171anyag eret is behelyeznek), k\u00e9s\u0151bbiekben esetleg a rekonstrukci\u00f3s beavatkoz\u00e1sra is lehet\u0151s\u00e9g ny\u00edlhat.<br \/>\n\u00c9let Fallot-tetral\u00f3gia betegs\u00e9ggel<br \/>\nSzerencs\u00e9re, a m\u0171t\u00e9ti technik\u00e1k fejl\u0151d\u00e9s\u00e9nek k\u00f6sz\u00f6nhet\u0151en, a gyermekek a helyre\u00e1ll\u00edt\u00f3 beavatkoz\u00e1s akut szak\u00e1nak \u00e1tv\u00e9szel\u00e9s\u00e9t k\u00f6vet\u0151en j\u00f3l fejl\u0151dnek, t\u00e1rsaikhoz hasonl\u00f3 \u00e9letet \u00e9lhetnek. Testnevel\u00e9s \u00f3rai felment\u00e9s elker\u00fclhet\u0151, sport is megengedett, de ennek intenzit\u00e1s\u00e1t minden esetben meg kell besz\u00e9lni a specialist\u00e1val.<br \/>\nA sz\u00edv \u00e1llapot\u00e1t rendszeres ellen\u0151rizni kell a k\u00e9s\u0151bbiekben is, ultrahang \u00e9s EKG-vizsg\u00e1lat sz\u00fcks\u00e9ges meghat\u00e1rozott id\u0151k\u00f6z\u00f6nk\u00e9nt. Fontos a gyermekek, k\u00fcl\u00f6n\u00f6sen a kamaszok pszich\u00e9s vezet\u00e9se is, hiszen \u00edgy v\u00e1lhatnak eg\u00e9szs\u00e9ges feln\u0151ttekk\u00e9. Optim\u00e1lis esetben a fiatal n\u0151v\u00e9 \u00e9r\u0151 le\u00e1ny a gyermekv\u00e1llal\u00e1s \u00f6r\u00f6meiben is r\u00e9szes\u00fclhet.<\/p>\n<p>C\u00edm: A Fallot-tetral\u00f3gia<br \/>\nSzerz\u0151: Dr. Moln\u00e1r D\u00f3ra<br \/>\nWeboldal: WEBBeteg<br \/>\nFelt\u00f6lt\u00e9s ideje: 2018.04.12 17:25, M\u00f3dos\u00edtva: 2020.04.19 19:35<br \/>\nLet\u00f6lt\u00e9s: 2020.04.29. 13:49<br \/>\nLink: https:\/\/www.webbeteg.hu\/cikkek\/sziv_es_errendszer\/17464\/fallot-tetralogia<\/p>\n","protected":false},"excerpt":{"rendered":"<p>A Fallot-tetral\u00f3gia egy \u00f6sszetett, velesz\u00fcletett, t\u00f6bbnyire cian\u00f3zissal (azaz elk\u00e9k\u00fcl\u0151 ajkakkal, illetve k\u00f6rm\u00f6kkel) j\u00e1r\u00f3 sz\u00edvbetegs\u00e9g. Ritk\u00e1n fordul el\u0151, a sz\u00edvfejl\u0151d\u00e9si rendelleness\u00e9gek kevesebb mint 10 sz\u00e1zal\u00e9ka. A m\u00e9hen bel\u00fcl, a sz\u00edv kialakul\u00e1sa sor\u00e1n nem megfelel\u0151en fejl\u0151dnek ki az \u00fcregek \u00e9s az erek, ennek k\u00f6vetkezt\u00e9ben a v\u00e9r \u00e1raml\u00e1s\u00e1nak sebess\u00e9ge \u00e9s ir\u00e1nya sem megfelel\u0151. \u00c1ltal\u00e1nos esetben a kamr\u00e1k k\u00f6z\u00f6tti s\u00f6v\u00e9nyhi\u00e1ny, lovagl\u00f3 aorta (az aorta helyzete \u00e9s m\u00e9rete is elt\u00e9r\u0151), a t\u00fcd\u0151ver\u0151\u00e9r sz\u0171k\u00fclete \u00e9s a jobb kamra fal\u00e1nak megvastagod\u00e1sa jellemzi. A betegs\u00e9g v\u00e9letlenszer\u0171en jelenik meg, nem k\u00f6thet\u0151 egy konkr\u00e9t g\u00e9nhib\u00e1hoz, ez\u00e9rt genetikai sz\u0171r\u00e9sre sincs lehet\u0151s\u00e9g. Mikor jelentkeznek a t\u00fcnetek? S\u00falyosabb esetben m\u00e1r kis csecsem\u0151korban l\u00e1that\u00f3 a cian\u00f3zis, enyh\u00e9bb esetben azonban k\u00e9s\u0151bb, terhel\u00e9sre, j\u00e1t\u00e9k k\u00f6zben, melegben alakul ki oxig\u00e9nhi\u00e1ny, amely miatt l\u00e9gszomjat \u00e9rez a kis beteg, elk\u00e9k\u00fcl a sz\u00e1ja, k\u00f6rme, szapor\u00e1bban l\u00e9legzik a gyermek, \u00e9s gyakran le is guggol. Ha ilyen oxig\u00e9nhi\u00e1nyos rosszull\u00e9t alakul ki a szem\u00fcnk l\u00e1tt\u00e1ra, akkor seg\u00edthet\u00fcnk a kicsinek ebbe a guggol\u00f3 poz\u00edci\u00f3ba ker\u00fclni, mert \u00edgy gyorsabban old\u00f3dik a roham. Hogyan diagnosztiz\u00e1lhat\u00f3 a betegs\u00e9g? A gyermek vizsg\u00e1latakor jellegzetes sz\u00edvz\u00f6rej hallhat\u00f3, az EKG-n \u00e9s gyakran a mellkas-r\u00f6ntgenfelv\u00e9telen is l\u00e1that\u00f3 elt\u00e9r\u00e9s. Sz\u00edv-ultrahangvizsg\u00e1lat igazolhatja a diagn\u00f3zist. Ez a cikk is \u00e9rdekelheti \u00d6nt! Velesz\u00fcletett sz\u00edvhib\u00e1k Mi okozza? Az oxig\u00e9nhi\u00e1ny k\u00f6vetkezt\u00e9ben \u00e9l\u00e9nkebb v\u00e9rk\u00e9pz\u00e9s j\u00f6het l\u00e9tre, emiatt megn\u0151het a kering\u0151 v\u00f6r\u00f6sv\u00e9rsejt sz\u00e1m (hasonl\u00f3an a magas hegyekben lak\u00f3khoz), de a s\u0171r\u0171bben foly\u00f3 v\u00e9r miatt az erek k\u00f6nnyebben eldugulhatnak. Bizonyos esetekben v\u00e9rr\u00f6gk\u00e9pz\u0151d\u00e9st g\u00e1tl\u00f3 gy\u00f3gyszer szed\u00e9se is sz\u00fcks\u00e9gess\u00e9 v\u00e1lhat. Sz\u00edvbelh\u00e1rtya gyullad\u00e1s kialakul\u00e1s\u00e1nak kock\u00e1zata is magasabb, l\u00e1zas \u00e1llapot eset\u00e9n minden esetben orvoshoz kell fordulni. A pontos anat\u00f3miai viszonyok \u00e9s a t\u00fcd\u0151 \u00e9rh\u00e1l\u00f3zat\u00e1nak \u00e1llapota szabja meg a tov\u00e1bbi ter\u00e1pi\u00e1s lehet\u0151s\u00e9geket. Hogyan kezelhet\u0151? T\u00f6bbf\u00e9le elj\u00e1r\u00e1s l\u00e9tezik a fejl\u0151d\u00e9si rendelleness\u00e9g ell\u00e1t\u00e1s\u00e1ra: Rekonstrukci\u00f3s m\u0171t\u00e9t: A rekonstrukci\u00f3s m\u0171t\u00e9ttel igyekeznek helyre\u00e1ll\u00edtani a term\u00e9szet okozta hib\u00e1kat, a m\u0171t\u00e9t c\u00e9lja, hogy az anat\u00f3miai viszonyokat lehet\u0151s\u00e9g szerint rendezz\u00e9k. Csecsem\u0151, vagy kisgyermekkorban javasolt a korrekci\u00f3s m\u0171t\u00e9t elv\u00e9gz\u00e9se, mert \u00edgy a tov\u00e1bbi szervk\u00e1rosod\u00e1s elker\u00fclhet\u0151. Palliat\u00edv m\u0171t\u00e9t: Amennyiben oxig\u00e9nhi\u00e1nyos \u00e1llapottal j\u00e1r\u00f3 roham alakul ki, ez felh\u00edvja a figyelmet arra, hogy beavatkoz\u00e1sra van sz\u00fcks\u00e9g. A palliat\u00edv m\u0171t\u00e9ttel a szervezet sz\u00e1m\u00e1ra elfogadhat\u00f3 kering\u00e9si \u00e1llapot hozhat\u00f3 l\u00e9tre (ilyenkor gyakran m\u0171anyag eret is behelyeznek), k\u00e9s\u0151bbiekben esetleg a rekonstrukci\u00f3s beavatkoz\u00e1sra is lehet\u0151s\u00e9g ny\u00edlhat. \u00c9let Fallot-tetral\u00f3gia betegs\u00e9ggel Szerencs\u00e9re, a m\u0171t\u00e9ti technik\u00e1k fejl\u0151d\u00e9s\u00e9nek k\u00f6sz\u00f6nhet\u0151en, a gyermekek a helyre\u00e1ll\u00edt\u00f3 beavatkoz\u00e1s akut szak\u00e1nak \u00e1tv\u00e9szel\u00e9s\u00e9t k\u00f6vet\u0151en j\u00f3l fejl\u0151dnek, t\u00e1rsaikhoz hasonl\u00f3 \u00e9letet \u00e9lhetnek. Testnevel\u00e9s \u00f3rai felment\u00e9s elker\u00fclhet\u0151, sport is megengedett, de ennek intenzit\u00e1s\u00e1t minden esetben meg kell besz\u00e9lni a specialist\u00e1val. A sz\u00edv \u00e1llapot\u00e1t rendszeres ellen\u0151rizni kell a k\u00e9s\u0151bbiekben is, ultrahang \u00e9s EKG-vizsg\u00e1lat sz\u00fcks\u00e9ges meghat\u00e1rozott id\u0151k\u00f6z\u00f6nk\u00e9nt. Fontos a gyermekek, k\u00fcl\u00f6n\u00f6sen a kamaszok pszich\u00e9s vezet\u00e9se is, hiszen \u00edgy v\u00e1lhatnak eg\u00e9szs\u00e9ges feln\u0151ttekk\u00e9. Optim\u00e1lis esetben a fiatal n\u0151v\u00e9 \u00e9r\u0151 le\u00e1ny a gyermekv\u00e1llal\u00e1s \u00f6r\u00f6meiben is r\u00e9szes\u00fclhet. C\u00edm: A Fallot-tetral\u00f3gia Szerz\u0151: Dr. Moln\u00e1r D\u00f3ra Weboldal: WEBBeteg Felt\u00f6lt\u00e9s ideje: 2018.04.12 17:25, M\u00f3dos\u00edtva: 2020.04.19 19:35 Let\u00f6lt\u00e9s: 2020.04.29. 13:49 Link: https:\/\/www.webbeteg.hu\/cikkek\/sziv_es_errendszer\/17464\/fallot-tetralogia<\/p>\n","protected":false},"author":1,"featured_media":0,"parent":0,"menu_order":0,"comment_status":"closed","ping_status":"closed","template":"","meta":{"_monsterinsights_skip_tracking":false,"_monsterinsights_sitenote_active":false,"_monsterinsights_sitenote_note":"","_monsterinsights_sitenote_category":0,"footnotes":""},"class_list":["post-1277","page","type-page","status-publish","hentry"],"_links":{"self":[{"href":"http:\/\/vedettseg.hu\/wordpress\/wp-json\/wp\/v2\/pages\/1277","targetHints":{"allow":["GET"]}}],"collection":[{"href":"http:\/\/vedettseg.hu\/wordpress\/wp-json\/wp\/v2\/pages"}],"about":[{"href":"http:\/\/vedettseg.hu\/wordpress\/wp-json\/wp\/v2\/types\/page"}],"author":[{"embeddable":true,"href":"http:\/\/vedettseg.hu\/wordpress\/wp-json\/wp\/v2\/users\/1"}],"replies":[{"embeddable":true,"href":"http:\/\/vedettseg.hu\/wordpress\/wp-json\/wp\/v2\/comments?post=1277"}],"version-history":[{"count":1,"href":"http:\/\/vedettseg.hu\/wordpress\/wp-json\/wp\/v2\/pages\/1277\/revisions"}],"predecessor-version":[{"id":1278,"href":"http:\/\/vedettseg.hu\/wordpress\/wp-json\/wp\/v2\/pages\/1277\/revisions\/1278"}],"wp:attachment":[{"href":"http:\/\/vedettseg.hu\/wordpress\/wp-json\/wp\/v2\/media?parent=1277"}],"curies":[{"name":"wp","href":"https:\/\/api.w.org\/{rel}","templated":true}]}}