{"id":1279,"date":"2020-07-23T12:38:45","date_gmt":"2020-07-23T12:38:45","guid":{"rendered":"http:\/\/vedettseg.hu\/wordpress\/?page_id=1279"},"modified":"2020-07-23T12:38:45","modified_gmt":"2020-07-23T12:38:45","slug":"sejtek-energetizalasa","status":"publish","type":"page","link":"http:\/\/vedettseg.hu\/wordpress\/sejtek-energetizalasa\/","title":{"rendered":"Sejtek energetiz\u00e1l\u00e1sa mitokondriumok transzplant\u00e1ci\u00f3j\u00e1val"},"content":{"rendered":"<p>Egy amerikai kutat\u00f3csoport mitokondriumok transzplant\u00e1ci\u00f3j\u00e1val sikeresen n\u00f6velte meg sz\u00edvizomsejtek energetikai jellemz\u0151it, ami azt bizony\u00edtja, hogy a mitokondriumok \u00e1t\u00fcltethet\u0151k.<br \/>\nA University of California, Irving (UCI) kutat\u00f3csoportja a Journal of the American Heart Association foly\u00f3iratban publik\u00e1lt cikk\u00e9ben arr\u00f3l sz\u00e1molt be, hogy sikeresen \u00fcltettek \u00e1t t\u00f6bbf\u00e9le forr\u00e1sb\u00f3l sz\u00e1rmaz\u00f3 mitokondriumot emberi sz\u00edvizomsejtekbe.<br \/>\nA teljes cikk az al\u00e1bbi linken \u00e9rhet\u0151 el: Paria Ali Pour et al, Bioenergetics Consequences of Mitochondrial Transplantation in Cardiomyocytes, Journal of the American Heart Association (2020). <a href=\"https:\/\/www.ahajournals.org\/doi\/10.1161\/JAHA.119.014501\">https:\/\/www.ahajournals.org\/doi\/10.1161\/JAHA.119.014501<\/a><br \/>\nT\u00f6bb milli\u00e1rd \u00e9vvel ezel\u0151tt a mitokondriumok prokari\u00f3ta bakt\u00e9riumok voltak, amelyek k\u00f6zeli kapcsolatba, szimbi\u00f3zisba ker\u00fcltek az \u0151si eukari\u00f3t\u00e1kkal. Ekkor m\u00e9g auton\u00f3mok voltak, ami abb\u00f3l is l\u00e1tszik, hogy a mitokondri\u00e1lis DNS a mai napig k\u00fcl\u00f6nb\u00f6zik a sejtmagok DNS-\u00e1llom\u00e1ny\u00e1t\u00f3l \u2013 hab\u00e1r a mitokondriumok m\u00e1r csak f\u00e9lig auton\u00f3m m\u0171k\u00f6d\u00e9s\u0171ek. Ezen alapszik az az \u00f6tlet, hogy a mitokondriumokat ir\u00e1ny\u00edtott m\u00f3don \u00e1t\u00fcltetve fokozhatn\u00e1nk bizonyos sejtek energiatermel\u00e9s\u00e9t, \u00e1m a sz\u00e1mos kor\u00e1bbi pr\u00f3b\u00e1lkoz\u00e1s kudarcba fulladt.<br \/>\nA mostani k\u00eds\u00e9rletben a UCI kutat\u00f3i a v\u00e1zizomrendszerb\u0151l izol\u00e1lt mitokondriumokat transzplant\u00e1ltak sz\u00edvizomsejt-teny\u00e9szetbe, majd 2, 7, 14 \u00e9s 28 nap m\u00falva m\u00e9rt\u00e9k a sejtek oxig\u00e9nfogyaszt\u00e1si \u00fctem\u00e9t, valamint az extracellul\u00e1ris acidifik\u00e1ci\u00f3t, ami a termelt ATP mennyis\u00e9vel mutat ar\u00e1nyoss\u00e1got. Eredm\u00e9nyeik szerint a sejtekben a mitokondriumok folytatt\u00e1k m\u0171k\u00f6d\u00e9s\u00fcket, \u00e9s teljes\u00edtm\u00e9ny\u00fck a m\u00e1sodik napon volt a legnagyobb, ekkor a sejtek \u00fan. szuperfelt\u00f6lt\u00f6tt (supercharged) \u00e1llapotba ker\u00fcltek. A m\u00e1sik \u00e9szrev\u00e9tel az volt, hogy k\u00fcl\u00f6nb\u00f6z\u0151 sejtt\u00edpusok eset\u00e9n (v\u00e1zizomsejtek, T-sejtek), s\u0151t, patk\u00e1nyokb\u00f3l sz\u00e1rmaz\u00f3 mitokondriumok eset\u00e9ben is sikeres volt a transzplant\u00e1ci\u00f3, legal\u00e1bbis egy ideig.<br \/>\nA kutat\u00e1s k\u00f6vetkez\u0151 \u00e1llom\u00e1sa annak vizsg\u00e1lata lesz, hogy az internaliz\u00e1lt mitokondriumok milyen szignaliz\u00e1ci\u00f3t folytatnak a sejtmaggal, \u00e9s hogy a sejt hosszabb id\u0151n kereszt\u00fcl is k\u00e9pes-e befogadni \u0151ket. A kutat\u00e1s olyan bioter\u00e1pi\u00e1s jelleg\u0171 elj\u00e1r\u00e1sok el\u0151tt nyithatja meg az utat, amelyek p\u00e9ld\u00e1ul sz\u00edvm\u0171t\u00e9tekn\u00e9l bizonyulhatnak igen hasznosnak.<\/p>\n<p>C\u00edm: Sejtek energetiz\u00e1l\u00e1sa mitokondriumok transzplant\u00e1ci\u00f3j\u00e1val<br \/>\nSzerz\u0151: K. M.<br \/>\nWeboldal: Medical Online<br \/>\nFelt\u00f6lt\u00e9s ideje: 2020. m\u00e1jus 20. 05:05<br \/>\nLet\u00f6lt\u00e9s: 2020. m\u00e1jus 31. 21:06<br \/>\nLink: <a href=\"http:\/\/medicalonline.hu\/tudomany\/cikk\/sejtek_energetizalasa_mitokondriumok_transzplantaciojaval\">http:\/\/medicalonline.hu\/tudomany\/cikk\/sejtek_energetizalasa_mitokondriumok_transzplantaciojaval<\/a><\/p>\n","protected":false},"excerpt":{"rendered":"<p>Egy amerikai kutat\u00f3csoport mitokondriumok transzplant\u00e1ci\u00f3j\u00e1val sikeresen n\u00f6velte meg sz\u00edvizomsejtek energetikai jellemz\u0151it, ami azt bizony\u00edtja, hogy a mitokondriumok \u00e1t\u00fcltethet\u0151k. A University of California, Irving (UCI) kutat\u00f3csoportja a Journal of the American Heart Association foly\u00f3iratban publik\u00e1lt cikk\u00e9ben arr\u00f3l sz\u00e1molt be, hogy sikeresen \u00fcltettek \u00e1t t\u00f6bbf\u00e9le forr\u00e1sb\u00f3l sz\u00e1rmaz\u00f3 mitokondriumot emberi sz\u00edvizomsejtekbe. A teljes cikk az al\u00e1bbi linken \u00e9rhet\u0151 el: Paria Ali Pour et al, Bioenergetics Consequences of Mitochondrial Transplantation in Cardiomyocytes, Journal of the American Heart Association (2020). https:\/\/www.ahajournals.org\/doi\/10.1161\/JAHA.119.014501 T\u00f6bb milli\u00e1rd \u00e9vvel ezel\u0151tt a mitokondriumok prokari\u00f3ta bakt\u00e9riumok voltak, amelyek k\u00f6zeli kapcsolatba, szimbi\u00f3zisba ker\u00fcltek az \u0151si eukari\u00f3t\u00e1kkal. Ekkor m\u00e9g auton\u00f3mok voltak, ami abb\u00f3l is l\u00e1tszik, hogy a mitokondri\u00e1lis DNS a mai napig k\u00fcl\u00f6nb\u00f6zik a sejtmagok DNS-\u00e1llom\u00e1ny\u00e1t\u00f3l \u2013 hab\u00e1r a mitokondriumok m\u00e1r csak f\u00e9lig auton\u00f3m m\u0171k\u00f6d\u00e9s\u0171ek. Ezen alapszik az az \u00f6tlet, hogy a mitokondriumokat ir\u00e1ny\u00edtott m\u00f3don \u00e1t\u00fcltetve fokozhatn\u00e1nk bizonyos sejtek energiatermel\u00e9s\u00e9t, \u00e1m a sz\u00e1mos kor\u00e1bbi pr\u00f3b\u00e1lkoz\u00e1s kudarcba fulladt. A mostani k\u00eds\u00e9rletben a UCI kutat\u00f3i a v\u00e1zizomrendszerb\u0151l izol\u00e1lt mitokondriumokat transzplant\u00e1ltak sz\u00edvizomsejt-teny\u00e9szetbe, majd 2, 7, 14 \u00e9s 28 nap m\u00falva m\u00e9rt\u00e9k a sejtek oxig\u00e9nfogyaszt\u00e1si \u00fctem\u00e9t, valamint az extracellul\u00e1ris acidifik\u00e1ci\u00f3t, ami a termelt ATP mennyis\u00e9vel mutat ar\u00e1nyoss\u00e1got. Eredm\u00e9nyeik szerint a sejtekben a mitokondriumok folytatt\u00e1k m\u0171k\u00f6d\u00e9s\u00fcket, \u00e9s teljes\u00edtm\u00e9ny\u00fck a m\u00e1sodik napon volt a legnagyobb, ekkor a sejtek \u00fan. szuperfelt\u00f6lt\u00f6tt (supercharged) \u00e1llapotba ker\u00fcltek. A m\u00e1sik \u00e9szrev\u00e9tel az volt, hogy k\u00fcl\u00f6nb\u00f6z\u0151 sejtt\u00edpusok eset\u00e9n (v\u00e1zizomsejtek, T-sejtek), s\u0151t, patk\u00e1nyokb\u00f3l sz\u00e1rmaz\u00f3 mitokondriumok eset\u00e9ben is sikeres volt a transzplant\u00e1ci\u00f3, legal\u00e1bbis egy ideig. A kutat\u00e1s k\u00f6vetkez\u0151 \u00e1llom\u00e1sa annak vizsg\u00e1lata lesz, hogy az internaliz\u00e1lt mitokondriumok milyen szignaliz\u00e1ci\u00f3t folytatnak a sejtmaggal, \u00e9s hogy a sejt hosszabb id\u0151n kereszt\u00fcl is k\u00e9pes-e befogadni \u0151ket. A kutat\u00e1s olyan bioter\u00e1pi\u00e1s jelleg\u0171 elj\u00e1r\u00e1sok el\u0151tt nyithatja meg az utat, amelyek p\u00e9ld\u00e1ul sz\u00edvm\u0171t\u00e9tekn\u00e9l bizonyulhatnak igen hasznosnak. C\u00edm: Sejtek energetiz\u00e1l\u00e1sa mitokondriumok transzplant\u00e1ci\u00f3j\u00e1val Szerz\u0151: K. M. Weboldal: Medical Online Felt\u00f6lt\u00e9s ideje: 2020. m\u00e1jus 20. 05:05 Let\u00f6lt\u00e9s: 2020. m\u00e1jus 31. 21:06 Link: http:\/\/medicalonline.hu\/tudomany\/cikk\/sejtek_energetizalasa_mitokondriumok_transzplantaciojaval<\/p>\n","protected":false},"author":1,"featured_media":0,"parent":0,"menu_order":0,"comment_status":"closed","ping_status":"closed","template":"","meta":{"_monsterinsights_skip_tracking":false,"_monsterinsights_sitenote_active":false,"_monsterinsights_sitenote_note":"","_monsterinsights_sitenote_category":0,"footnotes":""},"class_list":["post-1279","page","type-page","status-publish","hentry"],"_links":{"self":[{"href":"http:\/\/vedettseg.hu\/wordpress\/wp-json\/wp\/v2\/pages\/1279","targetHints":{"allow":["GET"]}}],"collection":[{"href":"http:\/\/vedettseg.hu\/wordpress\/wp-json\/wp\/v2\/pages"}],"about":[{"href":"http:\/\/vedettseg.hu\/wordpress\/wp-json\/wp\/v2\/types\/page"}],"author":[{"embeddable":true,"href":"http:\/\/vedettseg.hu\/wordpress\/wp-json\/wp\/v2\/users\/1"}],"replies":[{"embeddable":true,"href":"http:\/\/vedettseg.hu\/wordpress\/wp-json\/wp\/v2\/comments?post=1279"}],"version-history":[{"count":1,"href":"http:\/\/vedettseg.hu\/wordpress\/wp-json\/wp\/v2\/pages\/1279\/revisions"}],"predecessor-version":[{"id":1280,"href":"http:\/\/vedettseg.hu\/wordpress\/wp-json\/wp\/v2\/pages\/1279\/revisions\/1280"}],"wp:attachment":[{"href":"http:\/\/vedettseg.hu\/wordpress\/wp-json\/wp\/v2\/media?parent=1279"}],"curies":[{"name":"wp","href":"https:\/\/api.w.org\/{rel}","templated":true}]}}