{"id":1317,"date":"2020-10-30T13:24:20","date_gmt":"2020-10-30T13:24:20","guid":{"rendered":"http:\/\/vedettseg.hu\/wordpress\/?page_id=1317"},"modified":"2020-10-30T13:24:20","modified_gmt":"2020-10-30T13:24:20","slug":"negy-evvel-a-tunetek-megjelenese-elott-jelezte-a-rakot-egy-verteszt","status":"publish","type":"page","link":"http:\/\/vedettseg.hu\/wordpress\/negy-evvel-a-tunetek-megjelenese-elott-jelezte-a-rakot-egy-verteszt\/","title":{"rendered":"N\u00e9gy \u00e9vvel a t\u00fcnetek megjelen\u00e9se el\u0151tt jelezte a r\u00e1kot egy v\u00e9rteszt"},"content":{"rendered":"<p><span style=\"font-size: 18px;\"><strong>N\u00e9gy \u00e9vvel a t\u00fcnetek megjelen\u00e9se el\u0151tt jelezte a r\u00e1kot egy v\u00e9rteszt <\/strong><\/span><\/p>\n<p>\u00c9vekkel a t\u00fcnetek megjelen\u00e9se el\u0151tt kimutatta a tumor jeleit szinte az \u00f6sszes, k\u00e9s\u0151bb r\u00e1kos megbeteged\u00e9ssel diagnosztiz\u00e1lt alanyn\u00e1l egy amerikai kutat\u00f3k \u00e1ltal kifejlesztett v\u00e9rteszt, a PanSeer, der\u00fcl ki a Nature Communicationsben a h\u00e9ten megjelent tanulm\u00e1nyb\u00f3l. A t\u00f6bb mint t\u00edz \u00e9ven \u00e1t zajl\u00f3 kutat\u00e1sban t\u00f6bb mint 120 ezer eg\u00e9szs\u00e9ges tesztalanyt\u00f3l vettek le v\u00e9rplazm\u00e1t, k\u00f6z\u00fcl\u00fck az \u00e9vek folyam\u00e1n mintegy ezren lettek r\u00e1kosak.<br \/>\nSz\u00e1mos kor\u00e1bbi kutat\u00e1s bizony\u00edtotta, milyen szoros \u00f6sszef\u00fcgg\u00e9sben van a korai diagn\u00f3zis a daganatos megbeteged\u00e9sek t\u00fal\u00e9l\u00e9si r\u00e1t\u00e1j\u00e1val. Egy 1997-es tanulm\u00e1ny szerint p\u00e9ld\u00e1ul az 1980-as \u00e9vek \u00f3ta a korai diagn\u00f3zisnak \u00e9s az ezt k\u00f6vet\u0151 hat\u00e9kony ell\u00e1t\u00e1snak k\u00f6sz\u00f6nhet\u0151en az Egyes\u00fclt Kir\u00e1lys\u00e1gban t\u00f6bb mint 50 sz\u00e1zal\u00e9kkal cs\u00f6kkent a 65 \u00e9v alatti n\u0151k k\u00f6r\u00e9ben a mellr\u00e1k miatti hal\u00e1loz\u00e1s ar\u00e1nya.<br \/>\n\u201eN\u00e9gy \u00e9vvel az el\u0151tt, hogy ezek az emberek bes\u00e9t\u00e1lnak a k\u00f3rh\u00e1zba, a v\u00e9r\u00fckben m\u00e1r ott vannak a r\u00e1kos megbeteged\u00e9s jelei\u201d \u2013 mondta a Scientific Americannek Kun Zhang, a Kaliforniai Egyetem (San Diego) biom\u00e9rn\u00f6ke, a tanulm\u00e1ny egyik t\u00e1rsszerz\u0151je. Hozz\u00e1tette, hogy ezt az \u00f6sszef\u00fcgg\u00e9st \u00edgy m\u00e9g senki nem mutatta ki.<br \/>\nKor\u00e1bbi hasonl\u00f3 v\u00e9rtesztk\u00eds\u00e9rletekn\u00e9l a kutat\u00f3k \u00e1ltal\u00e1ban olyanokt\u00f3l gy\u0171jt\u00f6ttek v\u00e9rmint\u00e1kat, akiket m\u00e1r diagnosztiz\u00e1ltak valamilyen daganatos betegs\u00e9ggel. Ezut\u00e1n megn\u00e9zt\u00e9k, hogy ezekben a mint\u00e1kban a genetikai elv\u00e1ltoz\u00e1sok (els\u0151sorban DNS-metil\u00e1ci\u00f3k) \u00e9s bizonyos v\u00e9rfeh\u00e9rj\u00e9k vizsg\u00e1lat\u00e1val pontosan ki tudj\u00e1k-e mutatni a rosszindulat\u00fa sejtek jelenl\u00e9t\u00e9t. Ezzel szemben Zhang \u00e9s koll\u00e9g\u00e1i olyanokt\u00f3l kezdtek el v\u00e9rmint\u00e1kat gy\u0171jteni, akik l\u00e1tsz\u00f3lag semmi jel\u00e9t nem adt\u00e1k a r\u00e1kos megbeteged\u00e9snek.<br \/>\nT\u00f6bb mint 123 ezer alany, 90 sz\u00e1zal\u00e9kos pontoss\u00e1g<br \/>\n2007-ben \u00f6sszesen 123 115 eg\u00e9szs\u00e9ges tesztalanyt vontak be a kutat\u00e1sba a k\u00ednai Tajcsou v\u00e1ros\u00e1ban, \u00e9s a r\u00e9sztvev\u0151k \u00e9vente eg\u00e9szs\u00e9g\u00fcgyi kontrollvizsg\u00e1latokon vettek r\u00e9szt. A hossz\u00fa \u00e9vekig tart\u00f3 k\u00eds\u00e9rlet siker\u00e9hez speci\u00e1lis rakt\u00e1rat \u00e9p\u00edtettek a v\u00e9rmint\u00e1knak \u2013 itt t\u00e1rolt\u00e1k a vizsg\u00e1lat v\u00e9g\u00e9ig \u00f6sszegy\u0171lt, mintegy 1,6 milli\u00f3 mint\u00e1t.<br \/>\nA PanSeer kifejleszt\u00e9sekor Zhang \u00e9s koll\u00e9g\u00e1i azokra a szervekre koncentr\u00e1ltak, amelyek sejtjei a leggyakrabban r\u00e1kosodnak el \u2013 ide tartozik a gyomor, a nyel\u0151cs\u0151, a v\u00e9gb\u00e9l, a t\u00fcd\u0151 \u00e9s a m\u00e1j. A teszt DNS-metil\u00e1ci\u00f3s mint\u00e1zatok kimutat\u00e1s\u00e1t v\u00e9gzi, mivel kor\u00e1bbi kutat\u00e1sok szerint az abnorm\u00e1lis DNS-metil\u00e1ci\u00f3, vagyis amikor a g\u00e9n funkci\u00f3j\u00e1t \u00e9s a g\u00e9nexpresszi\u00f3t potenci\u00e1lisan megv\u00e1ltoztat\u00f3 metilcsoport kapcsol\u00f3dik a DNS-hez, sz\u00e1mos esetben jelezhet r\u00e1kos megbeteged\u00e9st, p\u00e9ld\u00e1ul hasny\u00e1lmirigyr\u00e1kot \u00e9s vastagb\u00e9lr\u00e1kot.<br \/>\nMaga a teszt \u00fagy m\u0171k\u00f6dik, hogy a v\u00e9rmint\u00e1b\u00f3l izol\u00e1lja a DNS-t, \u00e9s a r\u00e1kos megbeteged\u00e9s jelenl\u00e9t\u00e9t legnagyobb es\u00e9llyel kimutat\u00f3, 500 DNS-helyen (l\u00f3kuszon) megm\u00e9ri a DNS-metil\u00e1ci\u00f3 m\u00e9rt\u00e9k\u00e9t. Ezut\u00e1n egy algoritmus egyetlen pontsz\u00e1mm\u00e1 \u00f6sszes\u00edti az eredm\u00e9nyeket, ez jel\u00f6li, mekkora val\u00f3sz\u00edn\u0171s\u00e9ggel fejl\u0151dhet ki daganat az vizsg\u00e1lt szem\u00e9ly szervezet\u00e9ben.<br \/>\nA kutat\u00f3k 191, k\u00e9s\u0151bb r\u00e1kos megbeteged\u00e9ssel diagnosztiz\u00e1lt alany v\u00e9rmint\u00e1j\u00e1t \u00e9s kontrollcsoportk\u00e9nt ugyanannyi eg\u00e9szs\u00e9ges egy\u00e9n v\u00e9rmint\u00e1j\u00e1t is letesztelt\u00e9k. Az eredm\u00e9nyek alapj\u00e1n mintegy 90 sz\u00e1zal\u00e9kos pontoss\u00e1ggal tudt\u00e1k n\u00e9gy \u00e9vvel a t\u00fcnetek megjelen\u00e9se el\u0151tt meg\u00e1llap\u00edtani a megbeteged\u00e9s val\u00f3sz\u00edn\u0171s\u00e9g\u00e9t, \u00e9s eredm\u00e9nyeknek mind\u00f6ssze 5 sz\u00e1zal\u00e9ka bizonyult t\u00e9vesnek.<br \/>\nMessze m\u00e9g a klinikai alkalmaz\u00e1s<br \/>\nColin Pritchard, a Washingtoni Orvosi Egyetem molekul\u00e1ris patol\u00f3gusa a Scientific Americannek elmondta: az \u00faj tanulm\u00e1ny \u00e9rdekes utakat nyit meg a v\u00e9rplazma-alap\u00fa r\u00e1ksz\u0171r\u00e9sben, fontos azonban, hogy egy m\u00e1sik, f\u00fcggetlen kutat\u00f3csoport valid\u00e1lja majd az eredm\u00e9nyeket, miel\u0151tt b\u00e1rki fontol\u00f3ra venn\u00e9 a teszt klinikai haszn\u00e1lat\u00e1t. Zhang egyet\u00e9rtett abban, hogy tov\u00e1bbi kutat\u00e1sra van sz\u00fcks\u00e9g: mint mondta, egy hasonl\u00f3an nagyszab\u00e1s\u00fa ut\u00e1nk\u00f6vet\u0151 vizsg\u00e1lat lefolytat\u00e1s\u00e1t korm\u00e1nyzati vagy \u00e1gazati partnerekkel tudn\u00e1 elk\u00e9pzelni.<br \/>\nPritchard mindenesetre arra is figyelmeztetett, hogy ha a j\u00f6v\u0151ben el\u00e9rhet\u0151v\u00e9 is v\u00e1lnak r\u00e1ksz\u0171r\u00e9sre alkalmas v\u00e9rtesztek, azokat val\u00f3sz\u00edn\u0171leg nem lehet majd minden r\u00e1kfajta eset\u00e9n alkalmazni, hiszen bizonyos r\u00e1kos elv\u00e1ltoz\u00e1sok p\u00e9ld\u00e1ul nem mutathat\u00f3ak ki a v\u00e9rplazm\u00e1b\u00f3l, vagy t\u00fal gyors lefut\u00e1s\u00faak ahhoz, hogy kialakul\u00e1sukat el\u0151re lehessen jelezni.<\/p>\n<p>C\u00edm: N\u00e9gy \u00e9vvel a t\u00fcnetek megjelen\u00e9se el\u0151tt jelezte a r\u00e1kot egy v\u00e9rteszt<br \/>\nSzerz\u0151: Rad\u00f3 N\u00f3ra<br \/>\nWeboldal: Qubit.hu<br \/>\nFelt\u00f6lt\u00e9s id\u0151pontja: 2020.07.24.<br \/>\nLet\u00f6lt\u00e9s: 2020. 07.31. 11:21<br \/>\nLink: <a href=\"https:\/\/qubit.hu\/2020\/07\/24\/negy-evvel-a-tunetek-megjelenese-elott-elore-jelezte-a-rakot-egy-verteszt\">https:\/\/qubit.hu\/2020\/07\/24\/negy-evvel-a-tunetek-megjelenese-elott-elore-jelezte-a-rakot-egy-verteszt<\/a><\/p>\n","protected":false},"excerpt":{"rendered":"<p>N\u00e9gy \u00e9vvel a t\u00fcnetek megjelen\u00e9se el\u0151tt jelezte a r\u00e1kot egy v\u00e9rteszt \u00c9vekkel a t\u00fcnetek megjelen\u00e9se el\u0151tt kimutatta a tumor jeleit szinte az \u00f6sszes, k\u00e9s\u0151bb r\u00e1kos megbeteged\u00e9ssel diagnosztiz\u00e1lt alanyn\u00e1l egy amerikai kutat\u00f3k \u00e1ltal kifejlesztett v\u00e9rteszt, a PanSeer, der\u00fcl ki a Nature Communicationsben a h\u00e9ten megjelent tanulm\u00e1nyb\u00f3l. A t\u00f6bb mint t\u00edz \u00e9ven \u00e1t zajl\u00f3 kutat\u00e1sban t\u00f6bb mint 120 ezer eg\u00e9szs\u00e9ges tesztalanyt\u00f3l vettek le v\u00e9rplazm\u00e1t, k\u00f6z\u00fcl\u00fck az \u00e9vek folyam\u00e1n mintegy ezren lettek r\u00e1kosak. Sz\u00e1mos kor\u00e1bbi kutat\u00e1s bizony\u00edtotta, milyen szoros \u00f6sszef\u00fcgg\u00e9sben van a korai diagn\u00f3zis a daganatos megbeteged\u00e9sek t\u00fal\u00e9l\u00e9si r\u00e1t\u00e1j\u00e1val. Egy 1997-es tanulm\u00e1ny szerint p\u00e9ld\u00e1ul az 1980-as \u00e9vek \u00f3ta a korai diagn\u00f3zisnak \u00e9s az ezt k\u00f6vet\u0151 hat\u00e9kony ell\u00e1t\u00e1snak k\u00f6sz\u00f6nhet\u0151en az Egyes\u00fclt Kir\u00e1lys\u00e1gban t\u00f6bb mint 50 sz\u00e1zal\u00e9kkal cs\u00f6kkent a 65 \u00e9v alatti n\u0151k k\u00f6r\u00e9ben a mellr\u00e1k miatti hal\u00e1loz\u00e1s ar\u00e1nya. \u201eN\u00e9gy \u00e9vvel az el\u0151tt, hogy ezek az emberek bes\u00e9t\u00e1lnak a k\u00f3rh\u00e1zba, a v\u00e9r\u00fckben m\u00e1r ott vannak a r\u00e1kos megbeteged\u00e9s jelei\u201d \u2013 mondta a Scientific Americannek Kun Zhang, a Kaliforniai Egyetem (San Diego) biom\u00e9rn\u00f6ke, a tanulm\u00e1ny egyik t\u00e1rsszerz\u0151je. Hozz\u00e1tette, hogy ezt az \u00f6sszef\u00fcgg\u00e9st \u00edgy m\u00e9g senki nem mutatta ki. Kor\u00e1bbi hasonl\u00f3 v\u00e9rtesztk\u00eds\u00e9rletekn\u00e9l a kutat\u00f3k \u00e1ltal\u00e1ban olyanokt\u00f3l gy\u0171jt\u00f6ttek v\u00e9rmint\u00e1kat, akiket m\u00e1r diagnosztiz\u00e1ltak valamilyen daganatos betegs\u00e9ggel. Ezut\u00e1n megn\u00e9zt\u00e9k, hogy ezekben a mint\u00e1kban a genetikai elv\u00e1ltoz\u00e1sok (els\u0151sorban DNS-metil\u00e1ci\u00f3k) \u00e9s bizonyos v\u00e9rfeh\u00e9rj\u00e9k vizsg\u00e1lat\u00e1val pontosan ki tudj\u00e1k-e mutatni a rosszindulat\u00fa sejtek jelenl\u00e9t\u00e9t. Ezzel szemben Zhang \u00e9s koll\u00e9g\u00e1i olyanokt\u00f3l kezdtek el v\u00e9rmint\u00e1kat gy\u0171jteni, akik l\u00e1tsz\u00f3lag semmi jel\u00e9t nem adt\u00e1k a r\u00e1kos megbeteged\u00e9snek. T\u00f6bb mint 123 ezer alany, 90 sz\u00e1zal\u00e9kos pontoss\u00e1g 2007-ben \u00f6sszesen 123 115 eg\u00e9szs\u00e9ges tesztalanyt vontak be a kutat\u00e1sba a k\u00ednai Tajcsou v\u00e1ros\u00e1ban, \u00e9s a r\u00e9sztvev\u0151k \u00e9vente eg\u00e9szs\u00e9g\u00fcgyi kontrollvizsg\u00e1latokon vettek r\u00e9szt. A hossz\u00fa \u00e9vekig tart\u00f3 k\u00eds\u00e9rlet siker\u00e9hez speci\u00e1lis rakt\u00e1rat \u00e9p\u00edtettek a v\u00e9rmint\u00e1knak \u2013 itt t\u00e1rolt\u00e1k a vizsg\u00e1lat v\u00e9g\u00e9ig \u00f6sszegy\u0171lt, mintegy 1,6 milli\u00f3 mint\u00e1t. A PanSeer kifejleszt\u00e9sekor Zhang \u00e9s koll\u00e9g\u00e1i azokra a szervekre koncentr\u00e1ltak, amelyek sejtjei a leggyakrabban r\u00e1kosodnak el \u2013 ide tartozik a gyomor, a nyel\u0151cs\u0151, a v\u00e9gb\u00e9l, a t\u00fcd\u0151 \u00e9s a m\u00e1j. A teszt DNS-metil\u00e1ci\u00f3s mint\u00e1zatok kimutat\u00e1s\u00e1t v\u00e9gzi, mivel kor\u00e1bbi kutat\u00e1sok szerint az abnorm\u00e1lis DNS-metil\u00e1ci\u00f3, vagyis amikor a g\u00e9n funkci\u00f3j\u00e1t \u00e9s a g\u00e9nexpresszi\u00f3t potenci\u00e1lisan megv\u00e1ltoztat\u00f3 metilcsoport kapcsol\u00f3dik a DNS-hez, sz\u00e1mos esetben jelezhet r\u00e1kos megbeteged\u00e9st, p\u00e9ld\u00e1ul hasny\u00e1lmirigyr\u00e1kot \u00e9s vastagb\u00e9lr\u00e1kot. Maga a teszt \u00fagy m\u0171k\u00f6dik, hogy a v\u00e9rmint\u00e1b\u00f3l izol\u00e1lja a DNS-t, \u00e9s a r\u00e1kos megbeteged\u00e9s jelenl\u00e9t\u00e9t legnagyobb es\u00e9llyel kimutat\u00f3, 500 DNS-helyen (l\u00f3kuszon) megm\u00e9ri a DNS-metil\u00e1ci\u00f3 m\u00e9rt\u00e9k\u00e9t. Ezut\u00e1n egy algoritmus egyetlen pontsz\u00e1mm\u00e1 \u00f6sszes\u00edti az eredm\u00e9nyeket, ez jel\u00f6li, mekkora val\u00f3sz\u00edn\u0171s\u00e9ggel fejl\u0151dhet ki daganat az vizsg\u00e1lt szem\u00e9ly szervezet\u00e9ben. A kutat\u00f3k 191, k\u00e9s\u0151bb r\u00e1kos megbeteged\u00e9ssel diagnosztiz\u00e1lt alany v\u00e9rmint\u00e1j\u00e1t \u00e9s kontrollcsoportk\u00e9nt ugyanannyi eg\u00e9szs\u00e9ges egy\u00e9n v\u00e9rmint\u00e1j\u00e1t is letesztelt\u00e9k. Az eredm\u00e9nyek alapj\u00e1n mintegy 90 sz\u00e1zal\u00e9kos pontoss\u00e1ggal tudt\u00e1k n\u00e9gy \u00e9vvel a t\u00fcnetek megjelen\u00e9se el\u0151tt meg\u00e1llap\u00edtani a megbeteged\u00e9s val\u00f3sz\u00edn\u0171s\u00e9g\u00e9t, \u00e9s eredm\u00e9nyeknek mind\u00f6ssze 5 sz\u00e1zal\u00e9ka bizonyult t\u00e9vesnek. Messze m\u00e9g a klinikai alkalmaz\u00e1s Colin Pritchard, a Washingtoni Orvosi Egyetem molekul\u00e1ris patol\u00f3gusa a Scientific Americannek elmondta: az \u00faj tanulm\u00e1ny \u00e9rdekes utakat nyit meg a v\u00e9rplazma-alap\u00fa r\u00e1ksz\u0171r\u00e9sben, fontos azonban, hogy egy m\u00e1sik, f\u00fcggetlen kutat\u00f3csoport valid\u00e1lja majd az eredm\u00e9nyeket, miel\u0151tt b\u00e1rki fontol\u00f3ra venn\u00e9 a teszt klinikai haszn\u00e1lat\u00e1t. Zhang egyet\u00e9rtett abban, hogy tov\u00e1bbi kutat\u00e1sra van sz\u00fcks\u00e9g: mint mondta, egy hasonl\u00f3an nagyszab\u00e1s\u00fa ut\u00e1nk\u00f6vet\u0151 vizsg\u00e1lat lefolytat\u00e1s\u00e1t korm\u00e1nyzati vagy \u00e1gazati partnerekkel tudn\u00e1 elk\u00e9pzelni. Pritchard mindenesetre arra is figyelmeztetett, hogy ha a j\u00f6v\u0151ben el\u00e9rhet\u0151v\u00e9 is v\u00e1lnak r\u00e1ksz\u0171r\u00e9sre alkalmas v\u00e9rtesztek, azokat val\u00f3sz\u00edn\u0171leg nem lehet majd minden r\u00e1kfajta eset\u00e9n alkalmazni, hiszen bizonyos r\u00e1kos elv\u00e1ltoz\u00e1sok p\u00e9ld\u00e1ul nem mutathat\u00f3ak ki a v\u00e9rplazm\u00e1b\u00f3l, vagy t\u00fal gyors lefut\u00e1s\u00faak ahhoz, hogy kialakul\u00e1sukat el\u0151re lehessen jelezni. C\u00edm: N\u00e9gy \u00e9vvel a t\u00fcnetek megjelen\u00e9se el\u0151tt jelezte a r\u00e1kot egy v\u00e9rteszt Szerz\u0151: Rad\u00f3 N\u00f3ra Weboldal: Qubit.hu Felt\u00f6lt\u00e9s id\u0151pontja: 2020.07.24. Let\u00f6lt\u00e9s: 2020. 07.31. 11:21 Link: https:\/\/qubit.hu\/2020\/07\/24\/negy-evvel-a-tunetek-megjelenese-elott-elore-jelezte-a-rakot-egy-verteszt<\/p>\n","protected":false},"author":1,"featured_media":0,"parent":0,"menu_order":0,"comment_status":"closed","ping_status":"closed","template":"","meta":{"_monsterinsights_skip_tracking":false,"_monsterinsights_sitenote_active":false,"_monsterinsights_sitenote_note":"","_monsterinsights_sitenote_category":0,"footnotes":""},"class_list":["post-1317","page","type-page","status-publish","hentry"],"_links":{"self":[{"href":"http:\/\/vedettseg.hu\/wordpress\/wp-json\/wp\/v2\/pages\/1317","targetHints":{"allow":["GET"]}}],"collection":[{"href":"http:\/\/vedettseg.hu\/wordpress\/wp-json\/wp\/v2\/pages"}],"about":[{"href":"http:\/\/vedettseg.hu\/wordpress\/wp-json\/wp\/v2\/types\/page"}],"author":[{"embeddable":true,"href":"http:\/\/vedettseg.hu\/wordpress\/wp-json\/wp\/v2\/users\/1"}],"replies":[{"embeddable":true,"href":"http:\/\/vedettseg.hu\/wordpress\/wp-json\/wp\/v2\/comments?post=1317"}],"version-history":[{"count":1,"href":"http:\/\/vedettseg.hu\/wordpress\/wp-json\/wp\/v2\/pages\/1317\/revisions"}],"predecessor-version":[{"id":1318,"href":"http:\/\/vedettseg.hu\/wordpress\/wp-json\/wp\/v2\/pages\/1317\/revisions\/1318"}],"wp:attachment":[{"href":"http:\/\/vedettseg.hu\/wordpress\/wp-json\/wp\/v2\/media?parent=1317"}],"curies":[{"name":"wp","href":"https:\/\/api.w.org\/{rel}","templated":true}]}}