{"id":1389,"date":"2021-01-25T17:46:53","date_gmt":"2021-01-25T17:46:53","guid":{"rendered":"http:\/\/vedettseg.hu\/wordpress\/?page_id=1389"},"modified":"2021-01-25T17:46:53","modified_gmt":"2021-01-25T17:46:53","slug":"a-neuroimmunologia-uj-fejezete","status":"publish","type":"page","link":"http:\/\/vedettseg.hu\/wordpress\/a-neuroimmunologia-uj-fejezete\/","title":{"rendered":"A neuroimmunol\u00f3gia \u00faj fejezete"},"content":{"rendered":"<p>A b\u00e9lben kik\u00e9pz\u0151d\u00f6tt immunsejtek v\u00e9dik a k\u00f6zponti idegrendszert a fert\u0151z\u00e9sek ellen, \u00edrja egy Nature-tanulm\u00e1ny, ami arra is felh\u00edvja a figyelmet, hogy antibiotikum-kezel\u00e9s ut\u00e1n cs\u00f6kken a meninge\u00e1lis immunit\u00e1s.<br \/>\nB\u00e1r kor\u00e1bban azt gondoltuk, hogy a k\u00f6zponti idegrendszerben nincs immunm\u0171k\u00f6d\u00e9s, 2017 \u00f3ta tudjuk, hogy az agyh\u00e1rty\u00e1kban sz\u00e1mos k\u00fcl\u00f6nf\u00e9le immunsejt megtal\u00e1lhat\u00f3. Az eddigi kutat\u00e1sok a meninx makrof\u00e1gjainak \u00e9s T-sejtjeinek vizsg\u00e1lat\u00e1ra f\u00f3kusz\u00e1ltak, \u00e9s nem elemezt\u00e9k a kem\u00e9ny agyh\u00e1rtya humor\u00e1lis immunit\u00e1s\u00e1t, \u00edrj\u00e1k tanulm\u00e1nyukban (Gut-educated IgA plasma cells defend the meningeal venous sinuses) a University of Cambridge kutat\u00f3i. Az immunol\u00f3gus \u00e9s infektol\u00f3gus szakemberek ez\u00e9rt most a B-sejtek agyh\u00e1rty\u00e1ban val\u00f3 el\u0151fordul\u00e1s\u00e1t \u00e9s szerep\u00e9t kezdt\u00e9k kutatni, \u00e9s eg\u00e9r, \u00e9s hum\u00e1n meninxb\u0151l sz\u00e1rmaz\u00f3 sz\u00f6vetmint\u00e1kban ki is mutatt\u00e1k a B-sejtek (plazmasejtek) jelenl\u00e9t\u00e9t\u00e9t. A B-sejtek antitestjeinek szekven\u00e1l\u00e1sa r\u00e9v\u00e9n kider\u00fclt: g\u00e9njeik a v\u00e9letlenszer\u0171 egyez\u00e9sn\u00e9l j\u00f3val nagyobb m\u00e9rt\u00e9kben, 20%-ban megegyeznek a b\u00e9lfalb\u00f3l nyert B-sejtek receptorg\u00e9n-szekvenci\u00e1ival.<br \/>\nA k\u00fcls\u0151 kem\u00e9ny agyh\u00e1rty\u00e1ban, a dura materben fut\u00f3 erek fala nem r\u00e9sze a v\u00e9r\u2013agy-g\u00e1tnak, \u00e9s a dura nagy v\u00e9n\u00e1s strukt\u00far\u00e1i, a sinusok lassan foly\u00f3 v\u00e9re nagy fert\u0151z\u00e9si kock\u00e1zatot jelentene, ha nem v\u00e9den\u00e9 k\u00fcl\u00f6nleges er\u0151kkel az immunrendszer, \u00edrj\u00e1k a Nature-tanulm\u00e1ny szerz\u0151i. Az az\u00e9rt m\u00e9gis meglep\u0151, teszik hozz\u00e1, hogy a kor\u00e1bban csak a t\u00fcd\u0151- \u00e9s b\u00e9lny\u00e1lkah\u00e1rty\u00e1ban kimutatott, IgA antitesteket termel\u0151 plazmasejtek l\u00e1tj\u00e1k el ezt a feladatot, r\u00e1ad\u00e1sul olyan plazmasejtek, amik a b\u00e9lny\u00e1lkah\u00e1rty\u00e1ban k\u00e9pz\u0151dtek ki a k\u00f3rokoz\u00f3k felismer\u00e9s\u00e9re.<br \/>\nA kutat\u00f3k cs\u00edramenetesen feln\u0151tt egereket is vizsg\u00e1ltak, \u00edgy kider\u00fclt, hogy ezek kem\u00e9ny agyh\u00e1rty\u00e1j\u00e1ban szinte egy\u00e1ltal\u00e1n nincs plazmasejt. Miut\u00e1n a cs\u00edramenetes egerekben helyre\u00e1ll\u00edtott\u00e1k a b\u00e9l-mikrobiomot, dur\u00e1jukban kialakult a plazmasejtek h\u00e1l\u00f3zata. Nem j\u00f6tt l\u00e9tre viszont a dur\u00e1lis plazmasejt-h\u00e1l\u00f3zat akkor, ha csak az egerek b\u0151r\u00e9n alak\u00edtott\u00e1k ki a term\u00e9szetes mikrobiomot, ez\u00e1ltal indirekt m\u00f3don is bizony\u00edtott\u00e1k, hogy a b\u00e9lbakt\u00e9riumoknak jelent\u0151s szerepe van a meninge\u00e1lis IgA-termel\u0151 sejtek eduk\u00e1ci\u00f3j\u00e1ban.<br \/>\nA vizsg\u00e1lat k\u00f6vetkez\u0151 r\u00e9sz\u00e9ben a kutat\u00f3k megn\u00e9zt\u00e9k, mi t\u00f6rt\u00e9nik olyan (nem cs\u00edramenetes) egerek eset\u00e9ben, amelyekben sziv\u00e1rg\u00f3 belet alak\u00edtottak ki. Nem meglep\u0151 m\u00f3don aktiv\u00e1l\u00f3dott az \u00e1llatok immunrendszere, gyullad\u00e1s j\u00f6tt l\u00e9tre a b\u00e9lfalban, s\u0151t a vizsg\u00e1lat kor\u00e1bbi r\u00e9sz\u00e9nek eredm\u00e9nyeivel \u00f6sszhangban a kem\u00e9ny agyh\u00e1rty\u00e1ban is felszaporodtak a B-sejtek. R\u00e1ad\u00e1sul, mint kider\u00fclt, az antitesttermel\u00e9shez fert\u0151z\u00e9snek sem kell bek\u00f6vetkezni: a sinusok plazmasejtjei folyamatosan bekapcsolt \u00fczemm\u00f3dban vannak, \u00e9s folyamatosan termelik az antitesteket, ez\u00e1ltal is v\u00e9dve ezt a k\u00fcl\u00f6n\u00f6sen s\u00e9r\u00fcl\u00e9keny ter\u00fcletet.<br \/>\nEzt k\u00f6vet\u0151en a kutat\u00f3k olyan egerekkel is k\u00eds\u00e9rleteztek, amelyekben elpuszt\u00edtott\u00e1k a meninge\u00e1lis plazmasejteket, majd egy olyan fluoreszk\u00e1l\u00f3 gomb\u00e1val fert\u0151zt\u00e9k meg \u0151ket, ami a norm\u00e1l \u00e1llatokban a meninge\u00e1lis plazmasejt-h\u00e1l\u00f3zatban er\u0151s IgA-termel\u00e9st ind\u00edt be. A norm\u00e1l \u00e1llatokkal ellent\u00e9tben, a meninge\u00e1lis plazmasejt-h\u00e1l\u00f3zatot n\u00e9lk\u00fcl\u00f6z\u0151 \u00e1llatok agy\u00e1ban hamarosan megjelent a gomba, \u00e9s valamennyi\u00fck elpusztult, azaz az egy\u00e9bk\u00e9nt kontroll\u00e1lhat\u00f3 pathog\u00e9n a lok\u00e1lis immunv\u00e1lasz hi\u00e1ny\u00e1ban fat\u00e1lis fert\u0151z\u00e9st tudott kiv\u00e1ltani.<br \/>\nV\u00e9gezet\u00fcl a kutat\u00f3k azt is megvizsg\u00e1lt\u00e1k, hogy mi t\u00f6rt\u00e9nik antibiotikum-kezel\u00e9s hat\u00e1s\u00e1ra a meninge\u00e1lis plazmasejtekkel, \u00edgy kider\u00fclt: ha csak r\u00f6vid ideig pusztul a mikrobiom, akkor is cs\u00f6kken a kem\u00e9ny agyh\u00e1rtya IgA-termel\u0151 sejtjeinek mennyis\u00e9ge, azaz cs\u00f6kken a szervezet v\u00e9dekez\u0151k\u00e9pess\u00e9ge.<\/p>\n<p>C\u00edm: A neuroimmunol\u00f3gia \u00faj fejezete<br \/>\nSzerz\u0151: Dr. K. A.<br \/>\nWeboldal: OTSZ Online<br \/>\nFelt\u00f6lt\u00e9s ideje: 2020. november 13. 08:30<br \/>\nLet\u00f6lt\u00e9s: 2020. november 2. 21:21<br \/>\nLink: <a href=\"http:\/\/otszonline.hu\/cikk\/a_neuroimmunologia_uj_fejezete\">http:\/\/otszonline.hu\/cikk\/a_neuroimmunologia_uj_fejezete<\/a><\/p>\n","protected":false},"excerpt":{"rendered":"<p>A b\u00e9lben kik\u00e9pz\u0151d\u00f6tt immunsejtek v\u00e9dik a k\u00f6zponti idegrendszert a fert\u0151z\u00e9sek ellen, \u00edrja egy Nature-tanulm\u00e1ny, ami arra is felh\u00edvja a figyelmet, hogy antibiotikum-kezel\u00e9s ut\u00e1n cs\u00f6kken a meninge\u00e1lis immunit\u00e1s. B\u00e1r kor\u00e1bban azt gondoltuk, hogy a k\u00f6zponti idegrendszerben nincs immunm\u0171k\u00f6d\u00e9s, 2017 \u00f3ta tudjuk, hogy az agyh\u00e1rty\u00e1kban sz\u00e1mos k\u00fcl\u00f6nf\u00e9le immunsejt megtal\u00e1lhat\u00f3. Az eddigi kutat\u00e1sok a meninx makrof\u00e1gjainak \u00e9s T-sejtjeinek vizsg\u00e1lat\u00e1ra f\u00f3kusz\u00e1ltak, \u00e9s nem elemezt\u00e9k a kem\u00e9ny agyh\u00e1rtya humor\u00e1lis immunit\u00e1s\u00e1t, \u00edrj\u00e1k tanulm\u00e1nyukban (Gut-educated IgA plasma cells defend the meningeal venous sinuses) a University of Cambridge kutat\u00f3i. Az immunol\u00f3gus \u00e9s infektol\u00f3gus szakemberek ez\u00e9rt most a B-sejtek agyh\u00e1rty\u00e1ban val\u00f3 el\u0151fordul\u00e1s\u00e1t \u00e9s szerep\u00e9t kezdt\u00e9k kutatni, \u00e9s eg\u00e9r, \u00e9s hum\u00e1n meninxb\u0151l sz\u00e1rmaz\u00f3 sz\u00f6vetmint\u00e1kban ki is mutatt\u00e1k a B-sejtek (plazmasejtek) jelenl\u00e9t\u00e9t\u00e9t. A B-sejtek antitestjeinek szekven\u00e1l\u00e1sa r\u00e9v\u00e9n kider\u00fclt: g\u00e9njeik a v\u00e9letlenszer\u0171 egyez\u00e9sn\u00e9l j\u00f3val nagyobb m\u00e9rt\u00e9kben, 20%-ban megegyeznek a b\u00e9lfalb\u00f3l nyert B-sejtek receptorg\u00e9n-szekvenci\u00e1ival. A k\u00fcls\u0151 kem\u00e9ny agyh\u00e1rty\u00e1ban, a dura materben fut\u00f3 erek fala nem r\u00e9sze a v\u00e9r\u2013agy-g\u00e1tnak, \u00e9s a dura nagy v\u00e9n\u00e1s strukt\u00far\u00e1i, a sinusok lassan foly\u00f3 v\u00e9re nagy fert\u0151z\u00e9si kock\u00e1zatot jelentene, ha nem v\u00e9den\u00e9 k\u00fcl\u00f6nleges er\u0151kkel az immunrendszer, \u00edrj\u00e1k a Nature-tanulm\u00e1ny szerz\u0151i. Az az\u00e9rt m\u00e9gis meglep\u0151, teszik hozz\u00e1, hogy a kor\u00e1bban csak a t\u00fcd\u0151- \u00e9s b\u00e9lny\u00e1lkah\u00e1rty\u00e1ban kimutatott, IgA antitesteket termel\u0151 plazmasejtek l\u00e1tj\u00e1k el ezt a feladatot, r\u00e1ad\u00e1sul olyan plazmasejtek, amik a b\u00e9lny\u00e1lkah\u00e1rty\u00e1ban k\u00e9pz\u0151dtek ki a k\u00f3rokoz\u00f3k felismer\u00e9s\u00e9re. A kutat\u00f3k cs\u00edramenetesen feln\u0151tt egereket is vizsg\u00e1ltak, \u00edgy kider\u00fclt, hogy ezek kem\u00e9ny agyh\u00e1rty\u00e1j\u00e1ban szinte egy\u00e1ltal\u00e1n nincs plazmasejt. Miut\u00e1n a cs\u00edramenetes egerekben helyre\u00e1ll\u00edtott\u00e1k a b\u00e9l-mikrobiomot, dur\u00e1jukban kialakult a plazmasejtek h\u00e1l\u00f3zata. Nem j\u00f6tt l\u00e9tre viszont a dur\u00e1lis plazmasejt-h\u00e1l\u00f3zat akkor, ha csak az egerek b\u0151r\u00e9n alak\u00edtott\u00e1k ki a term\u00e9szetes mikrobiomot, ez\u00e1ltal indirekt m\u00f3don is bizony\u00edtott\u00e1k, hogy a b\u00e9lbakt\u00e9riumoknak jelent\u0151s szerepe van a meninge\u00e1lis IgA-termel\u0151 sejtek eduk\u00e1ci\u00f3j\u00e1ban. A vizsg\u00e1lat k\u00f6vetkez\u0151 r\u00e9sz\u00e9ben a kutat\u00f3k megn\u00e9zt\u00e9k, mi t\u00f6rt\u00e9nik olyan (nem cs\u00edramenetes) egerek eset\u00e9ben, amelyekben sziv\u00e1rg\u00f3 belet alak\u00edtottak ki. Nem meglep\u0151 m\u00f3don aktiv\u00e1l\u00f3dott az \u00e1llatok immunrendszere, gyullad\u00e1s j\u00f6tt l\u00e9tre a b\u00e9lfalban, s\u0151t a vizsg\u00e1lat kor\u00e1bbi r\u00e9sz\u00e9nek eredm\u00e9nyeivel \u00f6sszhangban a kem\u00e9ny agyh\u00e1rty\u00e1ban is felszaporodtak a B-sejtek. R\u00e1ad\u00e1sul, mint kider\u00fclt, az antitesttermel\u00e9shez fert\u0151z\u00e9snek sem kell bek\u00f6vetkezni: a sinusok plazmasejtjei folyamatosan bekapcsolt \u00fczemm\u00f3dban vannak, \u00e9s folyamatosan termelik az antitesteket, ez\u00e1ltal is v\u00e9dve ezt a k\u00fcl\u00f6n\u00f6sen s\u00e9r\u00fcl\u00e9keny ter\u00fcletet. Ezt k\u00f6vet\u0151en a kutat\u00f3k olyan egerekkel is k\u00eds\u00e9rleteztek, amelyekben elpuszt\u00edtott\u00e1k a meninge\u00e1lis plazmasejteket, majd egy olyan fluoreszk\u00e1l\u00f3 gomb\u00e1val fert\u0151zt\u00e9k meg \u0151ket, ami a norm\u00e1l \u00e1llatokban a meninge\u00e1lis plazmasejt-h\u00e1l\u00f3zatban er\u0151s IgA-termel\u00e9st ind\u00edt be. A norm\u00e1l \u00e1llatokkal ellent\u00e9tben, a meninge\u00e1lis plazmasejt-h\u00e1l\u00f3zatot n\u00e9lk\u00fcl\u00f6z\u0151 \u00e1llatok agy\u00e1ban hamarosan megjelent a gomba, \u00e9s valamennyi\u00fck elpusztult, azaz az egy\u00e9bk\u00e9nt kontroll\u00e1lhat\u00f3 pathog\u00e9n a lok\u00e1lis immunv\u00e1lasz hi\u00e1ny\u00e1ban fat\u00e1lis fert\u0151z\u00e9st tudott kiv\u00e1ltani. V\u00e9gezet\u00fcl a kutat\u00f3k azt is megvizsg\u00e1lt\u00e1k, hogy mi t\u00f6rt\u00e9nik antibiotikum-kezel\u00e9s hat\u00e1s\u00e1ra a meninge\u00e1lis plazmasejtekkel, \u00edgy kider\u00fclt: ha csak r\u00f6vid ideig pusztul a mikrobiom, akkor is cs\u00f6kken a kem\u00e9ny agyh\u00e1rtya IgA-termel\u0151 sejtjeinek mennyis\u00e9ge, azaz cs\u00f6kken a szervezet v\u00e9dekez\u0151k\u00e9pess\u00e9ge. C\u00edm: A neuroimmunol\u00f3gia \u00faj fejezete Szerz\u0151: Dr. K. A. Weboldal: OTSZ Online Felt\u00f6lt\u00e9s ideje: 2020. november 13. 08:30 Let\u00f6lt\u00e9s: 2020. november 2. 21:21 Link: http:\/\/otszonline.hu\/cikk\/a_neuroimmunologia_uj_fejezete<\/p>\n","protected":false},"author":1,"featured_media":0,"parent":0,"menu_order":0,"comment_status":"closed","ping_status":"closed","template":"","meta":{"_monsterinsights_skip_tracking":false,"_monsterinsights_sitenote_active":false,"_monsterinsights_sitenote_note":"","_monsterinsights_sitenote_category":0,"footnotes":""},"class_list":["post-1389","page","type-page","status-publish","hentry"],"_links":{"self":[{"href":"http:\/\/vedettseg.hu\/wordpress\/wp-json\/wp\/v2\/pages\/1389","targetHints":{"allow":["GET"]}}],"collection":[{"href":"http:\/\/vedettseg.hu\/wordpress\/wp-json\/wp\/v2\/pages"}],"about":[{"href":"http:\/\/vedettseg.hu\/wordpress\/wp-json\/wp\/v2\/types\/page"}],"author":[{"embeddable":true,"href":"http:\/\/vedettseg.hu\/wordpress\/wp-json\/wp\/v2\/users\/1"}],"replies":[{"embeddable":true,"href":"http:\/\/vedettseg.hu\/wordpress\/wp-json\/wp\/v2\/comments?post=1389"}],"version-history":[{"count":1,"href":"http:\/\/vedettseg.hu\/wordpress\/wp-json\/wp\/v2\/pages\/1389\/revisions"}],"predecessor-version":[{"id":1390,"href":"http:\/\/vedettseg.hu\/wordpress\/wp-json\/wp\/v2\/pages\/1389\/revisions\/1390"}],"wp:attachment":[{"href":"http:\/\/vedettseg.hu\/wordpress\/wp-json\/wp\/v2\/media?parent=1389"}],"curies":[{"name":"wp","href":"https:\/\/api.w.org\/{rel}","templated":true}]}}