{"id":1447,"date":"2021-03-29T11:42:10","date_gmt":"2021-03-29T11:42:10","guid":{"rendered":"http:\/\/vedettseg.hu\/wordpress\/?page_id=1447"},"modified":"2021-03-29T11:42:10","modified_gmt":"2021-03-29T11:42:10","slug":"biologiai-terapia-covid-19-ben","status":"publish","type":"page","link":"http:\/\/vedettseg.hu\/wordpress\/biologiai-terapia-covid-19-ben\/","title":{"rendered":"Biol\u00f3giai ter\u00e1pia COVID-19-ben"},"content":{"rendered":"<p>Els\u0151k\u00e9nt alkalmaztak c\u00e9lzott anti-citokin kezel\u00e9st COVID-19 ut\u00e1ni sokszervi gyullad\u00e1sban a Semmelweis Egyetemen.<br \/>\nPanaszmentesen otthon\u00e1ba t\u00e1vozott a Semmelweis Egyetem II. Sz. Gyermekgy\u00f3gy\u00e1szati Klinik\u00e1j\u00e1r\u00f3l az a 6 \u00e9ves, sokszervi gyullad\u00e1sban szenved\u0151 kisfi\u00fa, akinek a kezel\u00e9se sor\u00e1n az orsz\u00e1gban els\u0151k\u00e9nt alkalmaztak c\u00e9lzott biol\u00f3giai ter\u00e1pi\u00e1t.<br \/>\nK\u00e9t h\u00e9ttel ezel\u0151tt egy budapesti k\u00f3rh\u00e1zban vett\u00e9k fel el\u0151sz\u00f6r az \u00e9rintett beteg gyermeket, aki az ilyenkor javasolt szteroid \u00e9s immunglobulin ter\u00e1pi\u00e1t kapta, azonban \u00e1tmeneti javul\u00e1s ut\u00e1n \u00fajra bel\u00e1zasodott, romlottak a labor\u00e9rt\u00e9kei, ez\u00e9rt k\u00e9rt\u00e9k \u00e1tv\u00e9tel\u00e9t a Semmelweis Egyetem gyermekreumatol\u00f3giai centrum\u00e1ba.<br \/>\n\u201eAz els\u0151dleges, \u00fagynevezett standard kezel\u00e9si elj\u00e1r\u00e1sokra a sokszervi gyullad\u00e1sban szenved\u0151 gyerekek d\u00f6nt\u0151 t\u00f6bbs\u00e9ge azonnal reag\u00e1l, \u00e9s gyorsan, n\u00e9h\u00e1ny nap alatt megsz\u0171nnek a panaszaik. Vannak azonban ter\u00e1pia-rezisztens esetek, illetve olyan viharos t\u00fcnetekkel j\u00e1r\u00f3 s\u00falyos esetek, ahol egy\u00e9b kezel\u00e9sekre is sz\u00fcks\u00e9g van. Ilyenkor hozhat gy\u00f3gyul\u00e1st a biol\u00f3giai ter\u00e1pia\u201d \u2013 hangs\u00falyozta Constantin Tam\u00e1s, a Semmelweis Egyetem II. Sz. Gyermekgy\u00f3gy\u00e1szati Klinik\u00e1j\u00e1nak egyetemi docense.<br \/>\nA gyermekreumatol\u00f3gi\u00e1ban is egyre kiterjedtebben alkalmazott biol\u00f3giai ter\u00e1pi\u00e1k nev\u00fcket az el\u0151\u00e1ll\u00edt\u00e1suk sor\u00e1n alkalmazott biol\u00f3giai technol\u00f3gi\u00e1r\u00f3l kapt\u00e1k, melyek hat\u00e1smechanizmusa, hogy a kezel\u00e9s sor\u00e1n a betegs\u00e9g kialakul\u00e1s\u00e1ban szerepet j\u00e1tsz\u00f3 szab\u00e1lyoz\u00f3 feh\u00e9rj\u00e9ket veszik c\u00e9lba. \u201eHa a szteroidot a betegs\u00e9get t\u00e1mad\u00f3 s\u00f6r\u00e9tes puskak\u00e9nt k\u00e9pzelj\u00fck el, akkor ezek a modern k\u00e9sz\u00edtm\u00e9nyek a mi t\u00e1vcs\u00f6ves pusk\u00e1ink\u201d \u2013 magyar\u00e1zta szeml\u00e9ltet\u00e9s\u00fcl Constantin Tam\u00e1s.<br \/>\nA szakember az alkalmazott biol\u00f3giai ter\u00e1pi\u00e1r\u00f3l sz\u00f3lva elmondta: az anakinra nev\u0171 hat\u00f3anyagot eredetileg a feln\u0151ttkori rheumatoid arthritis kezel\u00e9s\u00e9re fejlesztett\u00e9k ki, de nem hozott \u00e1t\u00fct\u0151 eredm\u00e9nyeket, \u00edgy nem ker\u00fclt be a reumatol\u00f3gusok mindennapi klinikai gyakorlat\u00e1ba. A gyermekreumatol\u00f3gusok ezzel szemben gyakran alkalmazz\u00e1k, ugyanis bizonyos extr\u00e9m gyullad\u00e1sos \u00e1llapottal j\u00e1r\u00f3 betegs\u00e9gekben \u2013 ide tartozik a sokszervi gyullad\u00e1s is \u2013 nagy hat\u00e9konys\u00e1ggal b\u00edr.<br \/>\nB\u00e1r a kisfi\u00fa nagyon elesett \u00e1llapotban, csillap\u00edthatatlan l\u00e1zzal ker\u00fclt a klinik\u00e1ra, az id\u0151ben megkezdett, biol\u00f3giai ter\u00e1pi\u00e1val siker\u00fclt megel\u0151zni nemcsak a szervi k\u00e1rosod\u00e1st, de azt is, hogy a gyermek \u00fajra intenz\u00edv oszt\u00e1lyra ker\u00fclj\u00f6n. P\u00e1r napos kezel\u00e9s ut\u00e1n labor\u00e9rt\u00e9kei is normaliz\u00e1l\u00f3dtak, t\u00fcnet \u00e9s panaszmentesen t\u00e1vozhatott a Semmelweis Egyetem klinik\u00e1j\u00e1r\u00f3l.<\/p>\n<p>C\u00edm: Biol\u00f3giai ter\u00e1pia COVID-19-ben<br \/>\nszerz\u0151: nincs felt\u00fcntetve (forr\u00e1s: Semmelweis Egyetem)<br \/>\nWeboldal: Medical Online<br \/>\nFelt\u00f6lt\u00e9s ideje: 2021. febru\u00e1r 18. 08:15<br \/>\nLet\u00f6lt\u00e9s: 2021. m\u00e1rcius 2. 9:57<br \/>\n<a href=\"http:\/\/medicalonline.hu\/gyogyitas\/cikk\/biologiai_terapia_covid_19_ben\">http:\/\/medicalonline.hu\/gyogyitas\/cikk\/biologiai_terapia_covid_19_ben<\/a><\/p>\n","protected":false},"excerpt":{"rendered":"<p>Els\u0151k\u00e9nt alkalmaztak c\u00e9lzott anti-citokin kezel\u00e9st COVID-19 ut\u00e1ni sokszervi gyullad\u00e1sban a Semmelweis Egyetemen. Panaszmentesen otthon\u00e1ba t\u00e1vozott a Semmelweis Egyetem II. Sz. Gyermekgy\u00f3gy\u00e1szati Klinik\u00e1j\u00e1r\u00f3l az a 6 \u00e9ves, sokszervi gyullad\u00e1sban szenved\u0151 kisfi\u00fa, akinek a kezel\u00e9se sor\u00e1n az orsz\u00e1gban els\u0151k\u00e9nt alkalmaztak c\u00e9lzott biol\u00f3giai ter\u00e1pi\u00e1t. K\u00e9t h\u00e9ttel ezel\u0151tt egy budapesti k\u00f3rh\u00e1zban vett\u00e9k fel el\u0151sz\u00f6r az \u00e9rintett beteg gyermeket, aki az ilyenkor javasolt szteroid \u00e9s immunglobulin ter\u00e1pi\u00e1t kapta, azonban \u00e1tmeneti javul\u00e1s ut\u00e1n \u00fajra bel\u00e1zasodott, romlottak a labor\u00e9rt\u00e9kei, ez\u00e9rt k\u00e9rt\u00e9k \u00e1tv\u00e9tel\u00e9t a Semmelweis Egyetem gyermekreumatol\u00f3giai centrum\u00e1ba. \u201eAz els\u0151dleges, \u00fagynevezett standard kezel\u00e9si elj\u00e1r\u00e1sokra a sokszervi gyullad\u00e1sban szenved\u0151 gyerekek d\u00f6nt\u0151 t\u00f6bbs\u00e9ge azonnal reag\u00e1l, \u00e9s gyorsan, n\u00e9h\u00e1ny nap alatt megsz\u0171nnek a panaszaik. Vannak azonban ter\u00e1pia-rezisztens esetek, illetve olyan viharos t\u00fcnetekkel j\u00e1r\u00f3 s\u00falyos esetek, ahol egy\u00e9b kezel\u00e9sekre is sz\u00fcks\u00e9g van. Ilyenkor hozhat gy\u00f3gyul\u00e1st a biol\u00f3giai ter\u00e1pia\u201d \u2013 hangs\u00falyozta Constantin Tam\u00e1s, a Semmelweis Egyetem II. Sz. Gyermekgy\u00f3gy\u00e1szati Klinik\u00e1j\u00e1nak egyetemi docense. A gyermekreumatol\u00f3gi\u00e1ban is egyre kiterjedtebben alkalmazott biol\u00f3giai ter\u00e1pi\u00e1k nev\u00fcket az el\u0151\u00e1ll\u00edt\u00e1suk sor\u00e1n alkalmazott biol\u00f3giai technol\u00f3gi\u00e1r\u00f3l kapt\u00e1k, melyek hat\u00e1smechanizmusa, hogy a kezel\u00e9s sor\u00e1n a betegs\u00e9g kialakul\u00e1s\u00e1ban szerepet j\u00e1tsz\u00f3 szab\u00e1lyoz\u00f3 feh\u00e9rj\u00e9ket veszik c\u00e9lba. \u201eHa a szteroidot a betegs\u00e9get t\u00e1mad\u00f3 s\u00f6r\u00e9tes puskak\u00e9nt k\u00e9pzelj\u00fck el, akkor ezek a modern k\u00e9sz\u00edtm\u00e9nyek a mi t\u00e1vcs\u00f6ves pusk\u00e1ink\u201d \u2013 magyar\u00e1zta szeml\u00e9ltet\u00e9s\u00fcl Constantin Tam\u00e1s. A szakember az alkalmazott biol\u00f3giai ter\u00e1pi\u00e1r\u00f3l sz\u00f3lva elmondta: az anakinra nev\u0171 hat\u00f3anyagot eredetileg a feln\u0151ttkori rheumatoid arthritis kezel\u00e9s\u00e9re fejlesztett\u00e9k ki, de nem hozott \u00e1t\u00fct\u0151 eredm\u00e9nyeket, \u00edgy nem ker\u00fclt be a reumatol\u00f3gusok mindennapi klinikai gyakorlat\u00e1ba. A gyermekreumatol\u00f3gusok ezzel szemben gyakran alkalmazz\u00e1k, ugyanis bizonyos extr\u00e9m gyullad\u00e1sos \u00e1llapottal j\u00e1r\u00f3 betegs\u00e9gekben \u2013 ide tartozik a sokszervi gyullad\u00e1s is \u2013 nagy hat\u00e9konys\u00e1ggal b\u00edr. B\u00e1r a kisfi\u00fa nagyon elesett \u00e1llapotban, csillap\u00edthatatlan l\u00e1zzal ker\u00fclt a klinik\u00e1ra, az id\u0151ben megkezdett, biol\u00f3giai ter\u00e1pi\u00e1val siker\u00fclt megel\u0151zni nemcsak a szervi k\u00e1rosod\u00e1st, de azt is, hogy a gyermek \u00fajra intenz\u00edv oszt\u00e1lyra ker\u00fclj\u00f6n. P\u00e1r napos kezel\u00e9s ut\u00e1n labor\u00e9rt\u00e9kei is normaliz\u00e1l\u00f3dtak, t\u00fcnet \u00e9s panaszmentesen t\u00e1vozhatott a Semmelweis Egyetem klinik\u00e1j\u00e1r\u00f3l. C\u00edm: Biol\u00f3giai ter\u00e1pia COVID-19-ben szerz\u0151: nincs felt\u00fcntetve (forr\u00e1s: Semmelweis Egyetem) Weboldal: Medical Online Felt\u00f6lt\u00e9s ideje: 2021. febru\u00e1r 18. 08:15 Let\u00f6lt\u00e9s: 2021. m\u00e1rcius 2. 9:57 http:\/\/medicalonline.hu\/gyogyitas\/cikk\/biologiai_terapia_covid_19_ben<\/p>\n","protected":false},"author":1,"featured_media":0,"parent":0,"menu_order":0,"comment_status":"closed","ping_status":"closed","template":"","meta":{"_monsterinsights_skip_tracking":false,"_monsterinsights_sitenote_active":false,"_monsterinsights_sitenote_note":"","_monsterinsights_sitenote_category":0,"footnotes":""},"class_list":["post-1447","page","type-page","status-publish","hentry"],"_links":{"self":[{"href":"http:\/\/vedettseg.hu\/wordpress\/wp-json\/wp\/v2\/pages\/1447","targetHints":{"allow":["GET"]}}],"collection":[{"href":"http:\/\/vedettseg.hu\/wordpress\/wp-json\/wp\/v2\/pages"}],"about":[{"href":"http:\/\/vedettseg.hu\/wordpress\/wp-json\/wp\/v2\/types\/page"}],"author":[{"embeddable":true,"href":"http:\/\/vedettseg.hu\/wordpress\/wp-json\/wp\/v2\/users\/1"}],"replies":[{"embeddable":true,"href":"http:\/\/vedettseg.hu\/wordpress\/wp-json\/wp\/v2\/comments?post=1447"}],"version-history":[{"count":1,"href":"http:\/\/vedettseg.hu\/wordpress\/wp-json\/wp\/v2\/pages\/1447\/revisions"}],"predecessor-version":[{"id":1448,"href":"http:\/\/vedettseg.hu\/wordpress\/wp-json\/wp\/v2\/pages\/1447\/revisions\/1448"}],"wp:attachment":[{"href":"http:\/\/vedettseg.hu\/wordpress\/wp-json\/wp\/v2\/media?parent=1447"}],"curies":[{"name":"wp","href":"https:\/\/api.w.org\/{rel}","templated":true}]}}