{"id":1513,"date":"2021-05-21T12:51:31","date_gmt":"2021-05-21T12:51:31","guid":{"rendered":"http:\/\/vedettseg.hu\/wordpress\/?page_id=1513"},"modified":"2022-02-06T08:12:47","modified_gmt":"2022-02-06T08:12:47","slug":"elnoksegi-ules-jegyzokonyv","status":"publish","type":"page","link":"http:\/\/vedettseg.hu\/wordpress\/elnoksegi-ules-jegyzokonyv\/","title":{"rendered":"Eln\u00f6ks\u00e9gi \u00dcl\u00e9s &#8211; Jegyz\u0151k\u00f6nyv"},"content":{"rendered":"<p><strong>Eln\u00f6ks\u00e9gi \u00dcl\u00e9sek<\/strong><\/p>\n<ul>\n<li><a href=\"http:\/\/vedettseg.hu\/wordpress\/wp-content\/uploads\/2022\/02\/Elnoksegi-Ules-2021.04.28.docx\">Eln\u00f6ks\u00e9gi \u00dcl\u00e9s &#8211; 2021.04.28<\/a><\/li>\n<li><a href=\"http:\/\/vedettseg.hu\/wordpress\/wp-content\/uploads\/2022\/02\/Elnoksegi-Ules-2021.05.19.docx\">Eln\u00f6ks\u00e9gi \u00dcl\u00e9s &#8211; 2021.05.19<\/a><\/li>\n<li><a href=\"http:\/\/vedettseg.hu\/wordpress\/wp-content\/uploads\/2022\/02\/Elnoksegi-Ules-2021.05.25.docx\">Eln\u00f6ks\u00e9gi \u00dcl\u00e9s &#8211; 2021.05.25<\/a><\/li>\n<li><a href=\"http:\/\/vedettseg.hu\/wordpress\/wp-content\/uploads\/2022\/02\/Elnoksegi-Ules-2021.07.01.pdf\">Eln\u00f6ks\u00e9gi \u00dcl\u00e9s &#8211; 2021.07.01<\/a><\/li>\n<\/ul>\n","protected":false},"excerpt":{"rendered":"<p>Eln\u00f6ks\u00e9gi \u00dcl\u00e9sek Eln\u00f6ks\u00e9gi \u00dcl\u00e9s &#8211; 2021.04.28 Eln\u00f6ks\u00e9gi \u00dcl\u00e9s &#8211; 2021.05.19 Eln\u00f6ks\u00e9gi \u00dcl\u00e9s &#8211; 2021.05.25 Eln\u00f6ks\u00e9gi \u00dcl\u00e9s &#8211; 2021.07.01<\/p>\n","protected":false},"author":1,"featured_media":0,"parent":0,"menu_order":0,"comment_status":"closed","ping_status":"closed","template":"","meta":{"_monsterinsights_skip_tracking":false,"_monsterinsights_sitenote_active":false,"_monsterinsights_sitenote_note":"","_monsterinsights_sitenote_category":0,"footnotes":""},"class_list":["post-1513","page","type-page","status-publish","hentry"],"_links":{"self":[{"href":"http:\/\/vedettseg.hu\/wordpress\/wp-json\/wp\/v2\/pages\/1513","targetHints":{"allow":["GET"]}}],"collection":[{"href":"http:\/\/vedettseg.hu\/wordpress\/wp-json\/wp\/v2\/pages"}],"about":[{"href":"http:\/\/vedettseg.hu\/wordpress\/wp-json\/wp\/v2\/types\/page"}],"author":[{"embeddable":true,"href":"http:\/\/vedettseg.hu\/wordpress\/wp-json\/wp\/v2\/users\/1"}],"replies":[{"embeddable":true,"href":"http:\/\/vedettseg.hu\/wordpress\/wp-json\/wp\/v2\/comments?post=1513"}],"version-history":[{"count":6,"href":"http:\/\/vedettseg.hu\/wordpress\/wp-json\/wp\/v2\/pages\/1513\/revisions"}],"predecessor-version":[{"id":1885,"href":"http:\/\/vedettseg.hu\/wordpress\/wp-json\/wp\/v2\/pages\/1513\/revisions\/1885"}],"wp:attachment":[{"href":"http:\/\/vedettseg.hu\/wordpress\/wp-json\/wp\/v2\/media?parent=1513"}],"curies":[{"name":"wp","href":"https:\/\/api.w.org\/{rel}","templated":true}]}}