{"id":1515,"date":"2021-05-21T12:51:46","date_gmt":"2021-05-21T12:51:46","guid":{"rendered":"http:\/\/vedettseg.hu\/wordpress\/?page_id=1515"},"modified":"2022-02-06T08:20:19","modified_gmt":"2022-02-06T08:20:19","slug":"keb-hatarozatok","status":"publish","type":"page","link":"http:\/\/vedettseg.hu\/wordpress\/keb-hatarozatok\/","title":{"rendered":"KEB hat\u00e1rozatok"},"content":{"rendered":"<p><strong>KEB hat\u00e1rozatok<\/strong><\/p>\n<ul>\n<li><a href=\"http:\/\/vedettseg.hu\/wordpress\/wp-content\/uploads\/2021\/06\/2018.-evi-Osszefoglalo-jelentes.pdf\">2018. \u00c9vi \u00f6sszefoglal\u00f3 jelent\u00e9s<\/a><\/li>\n<li><a href=\"http:\/\/vedettseg.hu\/wordpress\/wp-content\/uploads\/2022\/02\/KEB-2020-Tevekenyseg.docx\">KEB &#8211; 2020 &#8211; Tev\u00e9kenys\u00e9g<\/a><\/li>\n<li><a href=\"http:\/\/vedettseg.hu\/wordpress\/wp-content\/uploads\/2022\/02\/KEB-2015-1-Allasfoglalas.docx\">KEB &#8211; 2015 &#8211; 1 &#8211; \u00c1ll\u00e1sfoglal\u00e1s<\/a><\/li>\n<li><a href=\"http:\/\/vedettseg.hu\/wordpress\/wp-content\/uploads\/2022\/02\/KEB-2016-1-Allasfoglalas.docx\">KEB &#8211; 2016 &#8211; 1 &#8211; \u00c1ll\u00e1sfoglal\u00e1s<\/a><\/li>\n<li><a href=\"http:\/\/vedettseg.hu\/wordpress\/wp-content\/uploads\/2022\/02\/KEB-2016-2-Allasfoglalas.docx\">KEB &#8211; 2016 &#8211; 2 &#8211; \u00c1ll\u00e1sfoglal\u00e1s<\/a><\/li>\n<li><a href=\"http:\/\/vedettseg.hu\/wordpress\/wp-content\/uploads\/2022\/02\/KEB-2021.08.11-Hatarozat.pdf\">KEB &#8211; 2021.08.11 &#8211; Hat\u00e1rozat<\/a><\/li>\n<\/ul>\n","protected":false},"excerpt":{"rendered":"<p>KEB hat\u00e1rozatok 2018. \u00c9vi \u00f6sszefoglal\u00f3 jelent\u00e9s KEB &#8211; 2020 &#8211; Tev\u00e9kenys\u00e9g KEB &#8211; 2015 &#8211; 1 &#8211; \u00c1ll\u00e1sfoglal\u00e1s KEB &#8211; 2016 &#8211; 1 &#8211; \u00c1ll\u00e1sfoglal\u00e1s KEB &#8211; 2016 &#8211; 2 &#8211; \u00c1ll\u00e1sfoglal\u00e1s KEB &#8211; 2021.08.11 &#8211; Hat\u00e1rozat<\/p>\n","protected":false},"author":1,"featured_media":0,"parent":0,"menu_order":0,"comment_status":"closed","ping_status":"closed","template":"","meta":{"_monsterinsights_skip_tracking":false,"_monsterinsights_sitenote_active":false,"_monsterinsights_sitenote_note":"","_monsterinsights_sitenote_category":0,"footnotes":""},"class_list":["post-1515","page","type-page","status-publish","hentry"],"_links":{"self":[{"href":"http:\/\/vedettseg.hu\/wordpress\/wp-json\/wp\/v2\/pages\/1515","targetHints":{"allow":["GET"]}}],"collection":[{"href":"http:\/\/vedettseg.hu\/wordpress\/wp-json\/wp\/v2\/pages"}],"about":[{"href":"http:\/\/vedettseg.hu\/wordpress\/wp-json\/wp\/v2\/types\/page"}],"author":[{"embeddable":true,"href":"http:\/\/vedettseg.hu\/wordpress\/wp-json\/wp\/v2\/users\/1"}],"replies":[{"embeddable":true,"href":"http:\/\/vedettseg.hu\/wordpress\/wp-json\/wp\/v2\/comments?post=1515"}],"version-history":[{"count":4,"href":"http:\/\/vedettseg.hu\/wordpress\/wp-json\/wp\/v2\/pages\/1515\/revisions"}],"predecessor-version":[{"id":1892,"href":"http:\/\/vedettseg.hu\/wordpress\/wp-json\/wp\/v2\/pages\/1515\/revisions\/1892"}],"wp:attachment":[{"href":"http:\/\/vedettseg.hu\/wordpress\/wp-json\/wp\/v2\/media?parent=1515"}],"curies":[{"name":"wp","href":"https:\/\/api.w.org\/{rel}","templated":true}]}}