{"id":37,"date":"2015-10-07T12:55:35","date_gmt":"2015-10-07T12:55:35","guid":{"rendered":"http:\/\/vedettseg.hu\/wordpress\/?page_id=37"},"modified":"2024-05-05T07:18:41","modified_gmt":"2024-05-05T07:18:41","slug":"alapszabaly","status":"publish","type":"page","link":"http:\/\/vedettseg.hu\/wordpress\/egyesuletrol\/alapszabaly\/","title":{"rendered":"Alapszab\u00e1ly"},"content":{"rendered":"<p><span style=\"font-size: 18px;\">A <strong>V\u00e9detts\u00e9g<\/strong> egyes\u00fclet alapszab\u00e1lya <a href=\"http:\/\/vedettseg.hu\/wordpress\/wp-content\/uploads\/2024\/05\/alapszabaly_2021_0525.pdf\"><em>ide kattintva<\/em><\/a> olvashat\u00f3.<\/span><\/p>\n<p><span style=\"font-size: 18px;\">Az alapszab\u00e1ly 1. sz. mell\u00e9klete pedig <em><a href=\"http:\/\/vedettseg.hu\/wordpress\/wp-content\/uploads\/2024\/05\/alapszabaly_melleklet.pdf\">itt<\/a><\/em>\u00a0\u00e9rhet\u0151 el.<\/span><\/p>\n","protected":false},"excerpt":{"rendered":"<p>A V\u00e9detts\u00e9g egyes\u00fclet alapszab\u00e1lya ide kattintva olvashat\u00f3. Az alapszab\u00e1ly 1. sz. mell\u00e9klete pedig itt\u00a0\u00e9rhet\u0151 el.<\/p>\n","protected":false},"author":1,"featured_media":0,"parent":16,"menu_order":1,"comment_status":"closed","ping_status":"closed","template":"","meta":{"_monsterinsights_skip_tracking":false,"_monsterinsights_sitenote_active":false,"_monsterinsights_sitenote_note":"","_monsterinsights_sitenote_category":0,"footnotes":""},"class_list":["post-37","page","type-page","status-publish","hentry"],"_links":{"self":[{"href":"http:\/\/vedettseg.hu\/wordpress\/wp-json\/wp\/v2\/pages\/37","targetHints":{"allow":["GET"]}}],"collection":[{"href":"http:\/\/vedettseg.hu\/wordpress\/wp-json\/wp\/v2\/pages"}],"about":[{"href":"http:\/\/vedettseg.hu\/wordpress\/wp-json\/wp\/v2\/types\/page"}],"author":[{"embeddable":true,"href":"http:\/\/vedettseg.hu\/wordpress\/wp-json\/wp\/v2\/users\/1"}],"replies":[{"embeddable":true,"href":"http:\/\/vedettseg.hu\/wordpress\/wp-json\/wp\/v2\/comments?post=37"}],"version-history":[{"count":20,"href":"http:\/\/vedettseg.hu\/wordpress\/wp-json\/wp\/v2\/pages\/37\/revisions"}],"predecessor-version":[{"id":1922,"href":"http:\/\/vedettseg.hu\/wordpress\/wp-json\/wp\/v2\/pages\/37\/revisions\/1922"}],"up":[{"embeddable":true,"href":"http:\/\/vedettseg.hu\/wordpress\/wp-json\/wp\/v2\/pages\/16"}],"wp:attachment":[{"href":"http:\/\/vedettseg.hu\/wordpress\/wp-json\/wp\/v2\/media?parent=37"}],"curies":[{"name":"wp","href":"https:\/\/api.w.org\/{rel}","templated":true}]}}